CRAN Package Check Results for Package tern

Last updated on 2025-01-18 07:50:49 CET.

Flavor Version Tinstall Tcheck Ttotal Status Flags
r-devel-linux-x86_64-debian-clang 0.9.6 29.66 541.31 570.97 OK
r-devel-linux-x86_64-debian-gcc 0.9.7 19.69 343.30 362.99 OK
r-devel-linux-x86_64-fedora-clang 0.9.7 567.26 OK
r-devel-linux-x86_64-fedora-gcc 0.9.7 518.82 OK
r-devel-windows-x86_64 0.9.6 31.00 502.00 533.00 OK
r-patched-linux-x86_64 0.9.7 38.93 502.99 541.92 OK
r-release-linux-x86_64 0.9.6 26.78 501.34 528.12 OK
r-release-macos-arm64 0.9.6 149.00 NOTE
r-release-macos-x86_64 0.9.6 271.00 NOTE
r-release-windows-x86_64 0.9.6 30.00 503.00 533.00 NOTE
r-oldrel-macos-arm64 0.9.6 209.00 NOTE
r-oldrel-macos-x86_64 0.9.6 316.00 NOTE
r-oldrel-windows-x86_64 0.9.7 43.00 468.00 511.00 NOTE

Check Details

Version: 0.9.6
Check: installed package size
Result: NOTE installed size is 8.5Mb sub-directories of 1Mb or more: doc 4.5Mb help 2.7Mb Flavors: r-release-macos-arm64, r-release-macos-x86_64, r-release-windows-x86_64, r-oldrel-macos-arm64, r-oldrel-macos-x86_64

Version: 0.9.7
Check: installed package size
Result: NOTE installed size is 9.5Mb sub-directories of 1Mb or more: doc 5.5Mb help 2.7Mb Flavor: r-oldrel-windows-x86_64