Last updated on 2025-10-23 07:50:03 CEST.
Flavor | Version | Tinstall | Tcheck | Ttotal | Status | Flags |
---|---|---|---|---|---|---|
r-devel-linux-x86_64-debian-clang | 0.5.0 | 0.40 | 4.32 | 4.72 | ERROR | |
r-devel-linux-x86_64-debian-gcc | 0.5.0 | 0.30 | 3.36 | 3.66 | ERROR | |
r-devel-linux-x86_64-fedora-clang | 0.5.1 | 62.00 | 271.49 | 333.49 | OK | |
r-devel-linux-x86_64-fedora-gcc | 0.5.1 | 65.00 | 257.43 | 322.43 | OK | |
r-devel-windows-x86_64 | 0.5.0 | 21.00 | 200.00 | 221.00 | OK | |
r-patched-linux-x86_64 | 0.5.0 | 0.39 | 2.29 | 2.68 | ERROR | |
r-release-linux-x86_64 | 0.5.0 | 0.37 | 2.49 | 2.86 | ERROR | |
r-release-macos-arm64 | 0.5.1 | 5.00 | 77.00 | 82.00 | OK | |
r-release-macos-x86_64 | 0.5.1 | 13.00 | 163.00 | 176.00 | OK | |
r-release-windows-x86_64 | 0.5.0 | 18.00 | 207.00 | 225.00 | OK | |
r-oldrel-macos-arm64 | 0.5.1 | 6.00 | 92.00 | 98.00 | OK | |
r-oldrel-macos-x86_64 | 0.5.1 | 15.00 | 171.00 | 186.00 | OK | |
r-oldrel-windows-x86_64 | 0.5.0 | 27.00 | 253.00 | 280.00 | OK |
Version: 0.5.0
Check: package dependencies
Result: ERROR
Package required but not available: ‘ggmosaic’
See section ‘The DESCRIPTION file’ in the ‘Writing R Extensions’
manual.
Flavors: r-devel-linux-x86_64-debian-clang, r-devel-linux-x86_64-debian-gcc, r-patched-linux-x86_64, r-release-linux-x86_64