Last updated on 2024-07-26 07:52:04 CEST.
Flavor | Version | Tinstall | Tcheck | Ttotal | Status | Flags |
---|---|---|---|---|---|---|
r-devel-linux-x86_64-debian-clang | 3.1.0 | 8.35 | 117.99 | 126.34 | OK | |
r-devel-linux-x86_64-debian-gcc | 3.1.0 | 6.18 | 89.31 | 95.49 | OK | |
r-devel-linux-x86_64-fedora-clang | 3.1.0 | 167.56 | NOTE | |||
r-devel-linux-x86_64-fedora-gcc | 3.1.0 | 162.05 | NOTE | |||
r-devel-windows-x86_64 | 3.1.0 | 8.00 | 99.00 | 107.00 | OK | |
r-patched-linux-x86_64 | 3.1.0 | OK | ||||
r-release-linux-x86_64 | 3.1.0 | 5.61 | 112.88 | 118.49 | OK | |
r-release-macos-arm64 | 3.1.0 | 54.00 | OK | |||
r-release-macos-x86_64 | 3.1.0 | 77.00 | OK | |||
r-release-windows-x86_64 | 3.1.0 | 8.00 | 101.00 | 109.00 | OK | |
r-oldrel-macos-arm64 | 3.1.0 | 66.00 | OK | |||
r-oldrel-macos-x86_64 | 3.1.0 | 146.00 | OK | |||
r-oldrel-windows-x86_64 | 3.1.0 | 11.00 | 120.00 | 131.00 | OK |
Version: 3.1.0
Check: data for non-ASCII characters
Result: NOTE
Note: found 36 marked UTF-8 strings
Flavors: r-devel-linux-x86_64-fedora-clang, r-devel-linux-x86_64-fedora-gcc