Last updated on 2024-07-26 07:52:04 CEST.
Flavor | Version | Tinstall | Tcheck | Ttotal | Status | Flags |
---|---|---|---|---|---|---|
r-devel-linux-x86_64-debian-clang | 0.9.100 | 16.68 | 140.04 | 156.72 | OK | |
r-devel-linux-x86_64-debian-gcc | 0.9.100 | 15.15 | 100.84 | 115.99 | NOTE | |
r-devel-linux-x86_64-fedora-clang | 0.9.100 | 206.00 | OK | |||
r-devel-linux-x86_64-fedora-gcc | 0.9.100 | 189.85 | OK | |||
r-devel-windows-x86_64 | 0.9.100 | 19.00 | 140.00 | 159.00 | NOTE | |
r-patched-linux-x86_64 | 0.9.100 | OK | ||||
r-release-linux-x86_64 | 0.9.100 | 12.96 | 128.88 | 141.84 | OK | |
r-release-macos-arm64 | 0.9.100 | 51.00 | OK | |||
r-release-macos-x86_64 | 0.9.100 | 77.00 | OK | |||
r-release-windows-x86_64 | 0.9.100 | 18.00 | 139.00 | 157.00 | OK | |
r-oldrel-macos-arm64 | 0.9.100 | 55.00 | OK | |||
r-oldrel-macos-x86_64 | 0.9.100 | 81.00 | OK | |||
r-oldrel-windows-x86_64 | 0.9.100 | 24.00 | 168.00 | 192.00 | OK |
Version: 0.9.100
Check: Rd cross-references
Result: NOTE
Found the following Rd file(s) with Rd \link{} targets missing package
anchors:
iucn_summary.Rd: rl_search
Please provide package anchors for all Rd \link{} targets not in the
package itself and the base packages.
Flavors: r-devel-linux-x86_64-debian-gcc, r-devel-windows-x86_64