Last updated on 2025-05-09 07:51:10 CEST.
Flavor | Version | Tinstall | Tcheck | Ttotal | Status | Flags |
---|---|---|---|---|---|---|
r-devel-linux-x86_64-debian-clang | 1.0 | 2.32 | 29.03 | 31.35 | NOTE | |
r-devel-linux-x86_64-debian-gcc | 1.0 | 1.74 | 21.26 | 23.00 | NOTE | |
r-devel-linux-x86_64-fedora-clang | 1.0 | 49.81 | OK | |||
r-devel-linux-x86_64-fedora-gcc | 1.0 | 50.39 | OK | |||
r-devel-windows-x86_64 | 1.0 | 3.00 | 48.00 | 51.00 | OK | |
r-patched-linux-x86_64 | 1.0 | 2.32 | 28.75 | 31.07 | OK | |
r-release-linux-x86_64 | 1.0 | 2.00 | 27.92 | 29.92 | OK | |
r-release-macos-arm64 | 1.0 | 19.00 | OK | |||
r-release-macos-x86_64 | 1.0 | 34.00 | OK | |||
r-release-windows-x86_64 | 1.0 | 4.00 | 53.00 | 57.00 | OK | |
r-oldrel-macos-arm64 | 1.0 | 18.00 | OK | |||
r-oldrel-macos-x86_64 | 1.0 | 30.00 | OK | |||
r-oldrel-windows-x86_64 | 1.0 | 3.00 | 47.00 | 50.00 | OK |
Version: 1.0
Check: CRAN incoming feasibility
Result: NOTE
Maintainer: ‘Yuan-De Tan <tanyuande@gmail.com>’
No Authors@R field in DESCRIPTION.
Please add one, modifying
Authors@R: person(given = "Yuan-De",
family = "Tan",
role = c("aut", "cre"),
email = "tanyuande@gmail.com")
as necessary.
Flavors: r-devel-linux-x86_64-debian-clang, r-devel-linux-x86_64-debian-gcc