Last updated on 2025-10-24 07:50:06 CEST.
| Flavor | Version | Tinstall | Tcheck | Ttotal | Status | Flags |
|---|---|---|---|---|---|---|
| r-devel-linux-x86_64-debian-clang | 1.11.4 | 37.73 | 248.78 | 286.51 | NOTE | |
| r-devel-linux-x86_64-debian-gcc | 1.11.4 | 23.06 | 161.77 | 184.83 | OK | |
| r-devel-linux-x86_64-fedora-clang | 1.11.4 | 174.00 | 283.65 | 457.65 | OK | |
| r-devel-linux-x86_64-fedora-gcc | 1.11.4 | 72.00 | 341.84 | 413.84 | OK | |
| r-devel-windows-x86_64 | 1.11.4 | 38.00 | 460.00 | 498.00 | OK | |
| r-patched-linux-x86_64 | 1.11.4 | 38.01 | 230.13 | 268.14 | OK | |
| r-release-linux-x86_64 | 1.11.4 | 33.33 | 232.24 | 265.57 | OK | |
| r-release-macos-arm64 | 1.11.4 | 16.00 | 116.00 | 132.00 | OK | |
| r-release-macos-x86_64 | 1.11.4 | 37.00 | 257.00 | 294.00 | OK | |
| r-release-windows-x86_64 | 1.11.4 | 38.00 | 459.00 | 497.00 | OK | |
| r-oldrel-macos-arm64 | 1.11.4 | 15.00 | 118.00 | 133.00 | OK | |
| r-oldrel-macos-x86_64 | 1.11.4 | 33.00 | 250.00 | 283.00 | OK | |
| r-oldrel-windows-x86_64 | 1.11.4 | 52.00 | 537.00 | 589.00 | OK |
Version: 1.11.4
Check: HTML version of manual
Result: NOTE
Found the following HTML validation problems:
rstudio_addin_tar_load.html:47:1 (rstudio_addin_tar_load.Rd:11): Warning: missing </ul> before </div>
rstudio_addin_tar_read.html:47:1 (rstudio_addin_tar_read.Rd:11): Warning: missing </ul> before </div>
rstudio_addin_tar_target.html:47:1 (rstudio_addin_tar_target.Rd:11): Warning: missing </ul> before </div>
target_run_worker.html:68:1 (target_run_worker.Rd:22): Warning: missing </ul> before </div>
Flavor: r-devel-linux-x86_64-debian-clang