Last updated on 2025-02-17 07:50:49 CET.
Flavor | Version | Tinstall | Tcheck | Ttotal | Status | Flags |
---|---|---|---|---|---|---|
r-devel-linux-x86_64-debian-clang | 0.3 | 13.04 | 107.02 | 120.06 | NOTE | |
r-devel-linux-x86_64-debian-gcc | 0.3 | 9.07 | 75.04 | 84.11 | NOTE | |
r-devel-linux-x86_64-fedora-clang | 0.3 | 208.39 | NOTE | |||
r-devel-linux-x86_64-fedora-gcc | 0.3 | 210.38 | NOTE | |||
r-devel-macos-arm64 | 0.3 | 56.00 | NOTE | |||
r-devel-macos-x86_64 | 0.3 | 119.00 | NOTE | |||
r-devel-windows-x86_64 | 0.3 | 14.00 | 118.00 | 132.00 | NOTE | |
r-patched-linux-x86_64 | 0.3 | 12.84 | 98.44 | 111.28 | NOTE | |
r-release-linux-x86_64 | 0.3 | 12.44 | 98.89 | 111.33 | NOTE | |
r-release-macos-arm64 | 0.3 | 55.00 | NOTE | |||
r-release-macos-x86_64 | 0.3 | 87.00 | NOTE | |||
r-release-windows-x86_64 | 0.3 | 13.00 | 119.00 | 132.00 | NOTE | |
r-oldrel-macos-arm64 | 0.3 | 62.00 | NOTE | |||
r-oldrel-macos-x86_64 | 0.3 | 107.00 | NOTE | |||
r-oldrel-windows-x86_64 | 0.3 | 18.00 | 132.00 | 150.00 | NOTE |
Version: 0.3
Check: Rd files
Result: NOTE
checkRd: (-1) tapnet-package.Rd:40: Escaped LaTeX specials: \&
Flavors: r-devel-linux-x86_64-debian-clang, r-devel-linux-x86_64-debian-gcc, r-devel-linux-x86_64-fedora-clang, r-devel-linux-x86_64-fedora-gcc, r-devel-macos-arm64, r-devel-macos-x86_64, r-devel-windows-x86_64, r-patched-linux-x86_64, r-release-linux-x86_64, r-release-macos-arm64, r-release-macos-x86_64, r-release-windows-x86_64, r-oldrel-macos-arm64, r-oldrel-macos-x86_64, r-oldrel-windows-x86_64