Last updated on 2025-10-25 07:49:44 CEST.
| Flavor | Version | Tinstall | Tcheck | Ttotal | Status | Flags |
|---|---|---|---|---|---|---|
| r-devel-linux-x86_64-debian-clang | 1.0.5-5 | 6.72 | 123.20 | 129.92 | OK | |
| r-devel-linux-x86_64-debian-gcc | 1.0.5-5 | 5.01 | 90.06 | 95.07 | OK | |
| r-devel-linux-x86_64-fedora-clang | 1.0.5-5 | 30.00 | 178.55 | 208.55 | OK | |
| r-devel-linux-x86_64-fedora-gcc | 1.0.5-5 | 13.00 | 186.49 | 199.49 | OK | |
| r-devel-windows-x86_64 | 1.0.5-5 | 8.00 | 104.00 | 112.00 | OK | |
| r-patched-linux-x86_64 | 1.0.5-5 | 5.61 | 117.85 | 123.46 | OK | |
| r-release-linux-x86_64 | 1.0.5-5 | 6.57 | 116.94 | 123.51 | OK | |
| r-release-macos-arm64 | 1.0.5-5 | 4.00 | 56.00 | 60.00 | OK | |
| r-release-macos-x86_64 | 1.0.5-5 | 7.00 | 112.00 | 119.00 | OK | |
| r-release-windows-x86_64 | 1.0.5-5 | 10.00 | 108.00 | 118.00 | OK | |
| r-oldrel-macos-arm64 | 1.0.5-5 | 2.00 | 211.00 | 213.00 | NOTE | |
| r-oldrel-macos-x86_64 | 1.0.5-5 | 4.00 | 241.00 | 245.00 | NOTE | |
| r-oldrel-windows-x86_64 | 1.0.5-5 | 12.00 | 131.00 | 143.00 | NOTE |
Version: 1.0.5-5
Check: installed package size
Result: NOTE
installed size is 13.7Mb
sub-directories of 1Mb or more:
java 12.7Mb
Flavors: r-oldrel-macos-arm64, r-oldrel-macos-x86_64, r-oldrel-windows-x86_64