Last updated on 2025-10-21 07:49:53 CEST.
Flavor | Version | Tinstall | Tcheck | Ttotal | Status | Flags |
---|---|---|---|---|---|---|
r-devel-linux-x86_64-debian-clang | 0.4.1 | 8.32 | 77.09 | 85.41 | OK | |
r-devel-linux-x86_64-debian-gcc | 0.4.1 | 5.39 | 54.95 | 60.34 | NOTE | |
r-devel-linux-x86_64-fedora-clang | 0.4.1 | 136.11 | OK | |||
r-devel-linux-x86_64-fedora-gcc | 0.4.1 | 130.44 | OK | |||
r-devel-windows-x86_64 | 0.4.1 | 10.00 | 86.00 | 96.00 | OK | |
r-patched-linux-x86_64 | 0.4.1 | 9.41 | 70.51 | 79.92 | OK | |
r-release-linux-x86_64 | 0.4.1 | 8.56 | 70.38 | 78.94 | OK | |
r-release-macos-arm64 | 0.4.1 | 41.00 | OK | |||
r-release-macos-x86_64 | 0.4.1 | 80.00 | OK | |||
r-release-windows-x86_64 | 0.4.1 | 12.00 | 85.00 | 97.00 | OK | |
r-oldrel-macos-arm64 | 0.4.1 | 40.00 | OK | |||
r-oldrel-macos-x86_64 | 0.4.1 | 63.00 | OK | |||
r-oldrel-windows-x86_64 | 0.4.1 | 15.00 | 106.00 | 121.00 | OK |
Version: 0.4.1
Check: HTML version of manual
Result: NOTE
Found the following HTML validation problems:
dot-updateFormat.html:52:1 (dot-updateFormat.Rd:13): Warning: missing </ul> before </div>
show-schema-method.html:47:1 (show-schema-method.Rd:10): Warning: missing </ul> before </div>
Flavor: r-devel-linux-x86_64-debian-gcc