CRAN Package Check Results for Package tabr

Last updated on 2025-02-17 07:50:49 CET.

Flavor Version Tinstall Tcheck Ttotal Status Flags
r-devel-linux-x86_64-debian-clang 0.5.1 10.36 125.99 136.35 NOTE
r-devel-linux-x86_64-debian-gcc 0.5.1 6.63 87.79 94.42 NOTE
r-devel-linux-x86_64-fedora-clang 0.5.1 232.27 NOTE
r-devel-linux-x86_64-fedora-gcc 0.5.1 253.04 NOTE
r-devel-macos-arm64 0.5.1 78.00 OK
r-devel-macos-x86_64 0.5.1 140.00 NOTE
r-devel-windows-x86_64 0.5.1 14.00 154.00 168.00 NOTE
r-patched-linux-x86_64 0.5.1 11.08 117.35 128.43 OK
r-release-linux-x86_64 0.5.1 8.03 118.30 126.33 OK
r-release-macos-arm64 0.5.1 75.00 OK
r-release-macos-x86_64 0.5.1 123.00 OK
r-release-windows-x86_64 0.5.1 16.00 155.00 171.00 OK
r-oldrel-macos-arm64 0.5.1 78.00 OK
r-oldrel-macos-x86_64 0.5.1 131.00 OK
r-oldrel-windows-x86_64 0.5.1 17.00 177.00 194.00 OK

Check Details

Version: 0.5.1
Check: DESCRIPTION meta-information
Result: NOTE Missing dependency on R >= 4.1.0 because package code uses the pipe |> or function shorthand \(...) syntax added in R 4.1.0. File(s) using such syntax: ‘class_methods.R’ ‘convert.R’ ‘freq.R’ ‘lilypond.R’ ‘lp_render.R’ ‘midi.R’ ‘modes.R’ ‘notes.R’ ‘plot.R’ ‘scales.R’ ‘sf.R’ ‘snippet.R’ ‘strings.R’ ‘transpose.R’ Flavors: r-devel-linux-x86_64-debian-clang, r-devel-linux-x86_64-debian-gcc, r-devel-linux-x86_64-fedora-clang, r-devel-linux-x86_64-fedora-gcc, r-devel-macos-x86_64, r-devel-windows-x86_64

Version: 0.5.1
Check: for non-standard things in the check directory
Result: NOTE Found the following files/directories: ‘lilypond-tmp-midi-2841aa’ ‘lilypond-tmp-midi-2be579’ Flavor: r-devel-linux-x86_64-fedora-gcc