Last updated on 2024-05-11 07:51:45 CEST.
Flavor | Version | Tinstall | Tcheck | Ttotal | Status | Flags |
---|---|---|---|---|---|---|
r-devel-linux-x86_64-debian-clang | 0.2.2 | 341.34 | 306.67 | 648.01 | NOTE | |
r-devel-linux-x86_64-debian-gcc | 0.2.2 | 305.43 | 242.56 | 547.99 | NOTE | |
r-devel-linux-x86_64-fedora-clang | 0.2.2 | 847.34 | NOTE | |||
r-devel-linux-x86_64-fedora-gcc | 0.2.2 | 1156.01 | NOTE | |||
r-devel-windows-x86_64 | 0.2.2 | 255.00 | 277.00 | 532.00 | NOTE | |
r-patched-linux-x86_64 | 0.2.2 | 267.74 | 324.98 | 592.72 | NOTE | |
r-release-linux-x86_64 | 0.2.2 | 282.43 | 324.43 | 606.86 | NOTE | |
r-release-macos-arm64 | 0.2.2 | 182.00 | NOTE | |||
r-release-windows-x86_64 | 0.2.2 | 252.00 | 264.00 | 516.00 | NOTE | |
r-oldrel-macos-arm64 | 0.2.2 | 234.00 | NOTE | |||
r-oldrel-macos-x86_64 | 0.2.2 | 497.00 | NOTE | |||
r-oldrel-windows-x86_64 | 0.2.2 | 326.00 | 343.00 | 669.00 | NOTE |
Version: 0.2.2
Check: for GNU extensions in Makefiles
Result: NOTE
GNU make is a SystemRequirements.
Flavors: r-devel-linux-x86_64-debian-clang, r-devel-linux-x86_64-debian-gcc, r-devel-linux-x86_64-fedora-clang, r-devel-linux-x86_64-fedora-gcc, r-devel-windows-x86_64, r-patched-linux-x86_64, r-release-linux-x86_64, r-release-macos-arm64, r-release-windows-x86_64, r-oldrel-macos-arm64, r-oldrel-macos-x86_64, r-oldrel-windows-x86_64
Version: 0.2.2
Check: dependencies in R code
Result: NOTE
Namespaces in Imports field not imported from:
‘RcppParallel’ ‘rstantools’
All declared Imports should be used.
Flavors: r-devel-linux-x86_64-fedora-clang, r-devel-linux-x86_64-fedora-gcc
Version: 0.2.2
Check: installed package size
Result: NOTE
installed size is 63.4Mb
sub-directories of 1Mb or more:
libs 62.1Mb
Flavors: r-release-macos-arm64, r-oldrel-macos-arm64, r-oldrel-macos-x86_64