Last updated on 2025-02-19 07:54:01 CET.
Flavor | Version | Tinstall | Tcheck | Ttotal | Status | Flags |
---|---|---|---|---|---|---|
r-devel-linux-x86_64-debian-clang | 0.1.0 | 1.57 | 22.06 | 23.63 | OK | |
r-devel-linux-x86_64-debian-gcc | 0.1.0 | 1.63 | 17.27 | 18.90 | OK | |
r-devel-linux-x86_64-fedora-clang | 0.1.0 | 38.75 | OK | |||
r-devel-linux-x86_64-fedora-gcc | 0.1.0 | 36.47 | OK | |||
r-devel-macos-arm64 | 0.1.0 | 19.00 | OK | |||
r-devel-macos-x86_64 | 0.1.0 | 27.00 | OK | |||
r-devel-windows-x86_64 | 0.1.0 | 4.00 | 44.00 | 48.00 | OK | |
r-patched-linux-x86_64 | 0.1.0 | 2.35 | 20.98 | 23.33 | OK | |
r-release-linux-x86_64 | 0.1.0 | 2.07 | 20.78 | 22.85 | OK | |
r-release-macos-arm64 | 0.1.0 | 16.00 | OK | |||
r-release-macos-x86_64 | 0.1.0 | 31.00 | OK | |||
r-release-windows-x86_64 | 0.1.0 | 4.00 | 44.00 | 48.00 | OK | |
r-oldrel-macos-arm64 | 0.1.0 | 20.00 | OK | |||
r-oldrel-macos-x86_64 | 0.1.0 | 22.00 | NOTE | |||
r-oldrel-windows-x86_64 | 0.1.0 | 4.00 | 51.00 | 55.00 | OK |
Version: 0.1.0
Check: package dependencies
Result: NOTE
Packages suggested but not available for checking: 'arm', 'caret', 'party'
Flavor: r-oldrel-macos-x86_64