Last updated on 2025-05-09 07:51:10 CEST.
Flavor | Version | Tinstall | Tcheck | Ttotal | Status | Flags |
---|---|---|---|---|---|---|
r-devel-linux-x86_64-debian-clang | 1.1 | 1.55 | 17.21 | 18.76 | NOTE | |
r-devel-linux-x86_64-debian-gcc | 1.1 | 1.41 | 14.50 | 15.91 | NOTE | |
r-devel-linux-x86_64-fedora-clang | 1.1 | 30.31 | OK | |||
r-devel-linux-x86_64-fedora-gcc | 1.1 | 27.91 | OK | |||
r-devel-windows-x86_64 | 1.1 | 3.00 | 40.00 | 43.00 | OK | |
r-patched-linux-x86_64 | 1.1 | 1.63 | 16.70 | 18.33 | OK | |
r-release-linux-x86_64 | 1.1 | 1.52 | 16.66 | 18.18 | OK | |
r-release-macos-arm64 | 1.1 | 19.00 | OK | |||
r-release-macos-x86_64 | 1.1 | 24.00 | OK | |||
r-release-windows-x86_64 | 1.1 | 5.00 | 44.00 | 49.00 | OK | |
r-oldrel-macos-arm64 | 1.1 | 15.00 | OK | |||
r-oldrel-macos-x86_64 | 1.1 | 24.00 | OK | |||
r-oldrel-windows-x86_64 | 1.1 | 3.00 | 40.00 | 43.00 | OK |
Version: 1.1
Check: CRAN incoming feasibility
Result: NOTE
Maintainer: ‘Miles Ott <miles_ott@alumni.brown.edu>’
No Authors@R field in DESCRIPTION.
Please add one, modifying
Authors@R: person(given = "Miles",
family = "Ott",
role = c("aut", "cre"),
email = "miles_ott@alumni.brown.edu")
as necessary.
Flavors: r-devel-linux-x86_64-debian-clang, r-devel-linux-x86_64-debian-gcc