CRAN Package Check Results for Package stmCorrViz

Last updated on 2025-02-11 07:48:36 CET.

Flavor Version Tinstall Tcheck Ttotal Status Flags
r-devel-linux-x86_64-debian-clang 1.3 2.10 32.20 34.30 NOTE
r-devel-linux-x86_64-debian-gcc 1.3 1.39 24.83 26.22 NOTE
r-devel-linux-x86_64-fedora-clang 1.3 54.71 NOTE
r-devel-linux-x86_64-fedora-gcc 1.3 51.63 NOTE
r-devel-windows-x86_64 1.3 4.00 64.00 68.00 OK
r-patched-linux-x86_64 1.3 2.31 30.71 33.02 NOTE
r-release-linux-x86_64 1.3 1.95 30.54 32.49 NOTE
r-release-macos-arm64 1.3 20.00 OK
r-release-macos-x86_64 1.3 32.00 OK
r-release-windows-x86_64 1.3 4.00 58.00 62.00 OK
r-oldrel-macos-arm64 1.3 28.00 OK
r-oldrel-macos-x86_64 1.3 31.00 OK
r-oldrel-windows-x86_64 1.3 4.00 63.00 67.00 OK

Check Details

Version: 1.3
Check: for non-standard things in the check directory
Result: NOTE Found the following files/directories: ‘corrviz.html’ Flavors: r-devel-linux-x86_64-debian-clang, r-devel-linux-x86_64-debian-gcc, r-devel-linux-x86_64-fedora-clang, r-devel-linux-x86_64-fedora-gcc, r-patched-linux-x86_64, r-release-linux-x86_64

Version: 1.3
Check: dependencies in R code
Result: NOTE Namespaces in Imports field not imported from: ‘SnowballC’ ‘tm’ All declared Imports should be used. Flavors: r-devel-linux-x86_64-fedora-clang, r-devel-linux-x86_64-fedora-gcc