Last updated on 2024-07-26 07:52:04 CEST.
Flavor | Version | Tinstall | Tcheck | Ttotal | Status | Flags |
---|---|---|---|---|---|---|
r-devel-linux-x86_64-debian-clang | 1.0.2 | 5.52 | 226.14 | 231.66 | NOTE | |
r-devel-linux-x86_64-debian-gcc | 1.0.2 | 4.07 | 161.41 | 165.48 | NOTE | |
r-devel-linux-x86_64-fedora-clang | 1.0.2 | 286.42 | NOTE | |||
r-devel-linux-x86_64-fedora-gcc | 1.0.2 | 278.67 | NOTE | |||
r-devel-windows-x86_64 | 1.0.2 | 9.00 | 179.00 | 188.00 | NOTE | |
r-patched-linux-x86_64 | 1.0.2 | NOTE | ||||
r-release-linux-x86_64 | 1.0.2 | 3.81 | 209.59 | 213.40 | NOTE | |
r-release-macos-arm64 | 1.0.2 | 84.00 | NOTE | |||
r-release-macos-x86_64 | 1.0.2 | 150.00 | NOTE | |||
r-release-windows-x86_64 | 1.0.2 | 7.00 | 182.00 | 189.00 | NOTE | |
r-oldrel-macos-arm64 | 1.0.2 | 94.00 | OK | |||
r-oldrel-macos-x86_64 | 1.0.2 | 150.00 | OK | |||
r-oldrel-windows-x86_64 | 1.0.2 | 9.00 | 225.00 | 234.00 | OK |
Version: 1.0.2
Check: Rd files
Result: NOTE
checkRd: (-1) plot.QTLMPP.Rd:33-34: Lost braces in \itemize; meant \describe ?
checkRd: (-1) plot.QTLMPP.Rd:35: Lost braces in \itemize; meant \describe ?
checkRd: (-1) plot.QTLMPP.Rd:36: Lost braces in \itemize; meant \describe ?
checkRd: (-1) plot.QTLMPP.Rd:37-38: Lost braces in \itemize; meant \describe ?
checkRd: (-1) plot.gDataMPP.Rd:40: Lost braces in \itemize; meant \describe ?
checkRd: (-1) plot.gDataMPP.Rd:41-42: Lost braces in \itemize; meant \describe ?
checkRd: (-1) plot.gDataMPP.Rd:43-44: Lost braces in \itemize; meant \describe ?
checkRd: (-1) plot.gDataMPP.Rd:45-46: Lost braces in \itemize; meant \describe ?
Flavors: r-devel-linux-x86_64-debian-clang, r-devel-linux-x86_64-debian-gcc, r-devel-linux-x86_64-fedora-clang, r-devel-linux-x86_64-fedora-gcc, r-devel-windows-x86_64, r-patched-linux-x86_64, r-release-linux-x86_64, r-release-macos-arm64, r-release-macos-x86_64, r-release-windows-x86_64