CRAN Package Check Results for Package statgenGxE

Last updated on 2025-06-30 07:49:33 CEST.

Flavor Version Tinstall Tcheck Ttotal Status Flags
r-devel-linux-x86_64-debian-clang 1.0.10 8.96 202.77 211.73 OK
r-devel-linux-x86_64-debian-gcc 1.0.10 6.29 142.46 148.75 OK
r-devel-linux-x86_64-fedora-clang 1.0.10 329.14 OK
r-devel-linux-x86_64-fedora-gcc 1.0.10 342.43 OK
r-devel-windows-x86_64 1.0.10 11.00 192.00 203.00 OK
r-patched-linux-x86_64 OK
r-release-linux-x86_64 1.0.10 7.81 192.54 200.35 OK
r-release-macos-arm64 1.0.9 111.00 OK
r-release-macos-x86_64 1.0.10 215.00 OK
r-release-windows-x86_64 1.0.10 13.00 196.00 209.00 OK
r-oldrel-macos-arm64 1.0.9 115.00 NOTE
r-oldrel-macos-x86_64 1.0.10 198.00 NOTE
r-oldrel-windows-x86_64 1.0.10 16.00 253.00 269.00 NOTE

Check Details

Version: 1.0.9
Check: package dependencies
Result: NOTE Package suggested but not available for checking: ‘asreml’ Flavor: r-oldrel-macos-arm64

Version: 1.0.10
Check: package dependencies
Result: NOTE Package suggested but not available for checking: ‘asreml’ Flavors: r-oldrel-macos-x86_64, r-oldrel-windows-x86_64