Last updated on 2025-02-19 07:54:00 CET.
Flavor | Version | Tinstall | Tcheck | Ttotal | Status | Flags |
---|---|---|---|---|---|---|
r-devel-linux-x86_64-debian-clang | 0.2.2 | 8.87 | 89.16 | 98.03 | NOTE | |
r-devel-linux-x86_64-debian-gcc | 0.2.2 | 6.52 | 65.54 | 72.06 | NOTE | |
r-devel-linux-x86_64-fedora-clang | 0.2.2 | 160.37 | NOTE | |||
r-devel-linux-x86_64-fedora-gcc | 0.2.2 | 166.00 | NOTE | |||
r-devel-macos-arm64 | 0.2.2 | 56.00 | NOTE | |||
r-devel-macos-x86_64 | 0.2.2 | 117.00 | NOTE | |||
r-devel-windows-x86_64 | 0.2.2 | 10.00 | 104.00 | 114.00 | NOTE | |
r-patched-linux-x86_64 | 0.2.2 | 10.04 | 85.17 | 95.21 | NOTE | |
r-release-linux-x86_64 | 0.2.2 | 9.12 | 84.95 | 94.07 | NOTE | |
r-release-macos-arm64 | 0.2.2 | 52.00 | NOTE | |||
r-release-macos-x86_64 | 0.2.2 | 89.00 | NOTE | |||
r-release-windows-x86_64 | 0.2.2 | 11.00 | 97.00 | 108.00 | NOTE | |
r-oldrel-macos-arm64 | 0.2.2 | 56.00 | OK | |||
r-oldrel-macos-x86_64 | 0.2.2 | 88.00 | OK | |||
r-oldrel-windows-x86_64 | 0.2.2 | 13.00 | 113.00 | 126.00 | OK |
Version: 0.2.2
Check: Rd files
Result: NOTE
checkRd: (-1) standardize.Rd:94: Lost braces; missing escapes or markup?
94 | take on values {-0.5, 0, 0.5} rather than {-1, 0, 1}, the standard deviation
| ^
checkRd: (-1) standardize.Rd:94: Lost braces; missing escapes or markup?
94 | take on values {-0.5, 0, 0.5} rather than {-1, 0, 1}, the standard deviation
| ^
Flavors: r-devel-linux-x86_64-debian-clang, r-devel-linux-x86_64-debian-gcc, r-devel-linux-x86_64-fedora-clang, r-devel-linux-x86_64-fedora-gcc, r-devel-macos-arm64, r-devel-macos-x86_64, r-devel-windows-x86_64, r-patched-linux-x86_64, r-release-linux-x86_64, r-release-macos-arm64, r-release-macos-x86_64, r-release-windows-x86_64