Last updated on 2024-07-26 07:52:04 CEST.
Flavor | Version | Tinstall | Tcheck | Ttotal | Status | Flags |
---|---|---|---|---|---|---|
r-devel-linux-x86_64-debian-clang | 1.2.2 | 11.69 | 131.23 | 142.92 | OK | |
r-devel-linux-x86_64-debian-gcc | 1.2.2 | 9.61 | 97.68 | 107.29 | NOTE | |
r-devel-linux-x86_64-fedora-clang | 1.2.2 | 179.19 | OK | |||
r-devel-linux-x86_64-fedora-gcc | 1.2.2 | 178.18 | OK | |||
r-devel-windows-x86_64 | 1.2.2 | 12.00 | 123.00 | 135.00 | NOTE | |
r-patched-linux-x86_64 | 1.2.2 | OK | ||||
r-release-linux-x86_64 | 1.2.2 | 10.06 | 121.26 | 131.32 | OK | |
r-release-macos-arm64 | 1.2.2 | 58.00 | OK | |||
r-release-macos-x86_64 | 1.2.2 | 90.00 | OK | |||
r-release-windows-x86_64 | 1.2.2 | 11.00 | 123.00 | 134.00 | OK | |
r-oldrel-macos-arm64 | 1.2.2 | 70.00 | OK | |||
r-oldrel-macos-x86_64 | 1.2.2 | 145.00 | OK | |||
r-oldrel-windows-x86_64 | 1.2.2 | 16.00 | 148.00 | 164.00 | OK |
Version: 1.2.2
Check: Rd cross-references
Result: NOTE
Found the following Rd file(s) with Rd \link{} targets missing package
anchors:
plot_moran.Rd: nb2listw
ssfa.Rd: nb2listw, maxNR
Please provide package anchors for all Rd \link{} targets not in the
package itself and the base packages.
Flavors: r-devel-linux-x86_64-debian-gcc, r-devel-windows-x86_64