Last updated on 2024-05-13 07:50:17 CEST.
Flavor | Version | Tinstall | Tcheck | Ttotal | Status | Flags |
---|---|---|---|---|---|---|
r-devel-linux-x86_64-debian-clang | 1.2.1 | 30.64 | 27.90 | 58.54 | NOTE | |
r-devel-linux-x86_64-debian-gcc | 1.2.1 | 23.29 | 21.90 | 45.19 | NOTE | |
r-devel-linux-x86_64-fedora-clang | 1.2.1 | 86.91 | NOTE | |||
r-devel-linux-x86_64-fedora-gcc | 1.2.1 | 124.55 | NOTE | |||
r-devel-windows-x86_64 | 1.2.1 | 26.00 | 69.00 | 95.00 | NOTE | |
r-patched-linux-x86_64 | 1.2.1 | 33.76 | 27.57 | 61.33 | NOTE | |
r-release-linux-x86_64 | 1.2.1 | 34.61 | 27.76 | 62.37 | NOTE | |
r-release-macos-arm64 | 1.2.1 | 24.00 | NOTE | |||
r-release-windows-x86_64 | 1.2.1 | 26.00 | 67.00 | 93.00 | NOTE | |
r-oldrel-macos-arm64 | 1.2.1 | 25.00 | NOTE | |||
r-oldrel-macos-x86_64 | 1.2.1 | 41.00 | NOTE | |||
r-oldrel-windows-x86_64 | 1.2.1 | 32.00 | 73.00 | 105.00 | NOTE |
Version: 1.2.1
Check: C++ specification
Result: NOTE
Specified C++11: please drop specification unless essential
Flavors: r-devel-linux-x86_64-debian-clang, r-devel-linux-x86_64-debian-gcc, r-devel-linux-x86_64-fedora-clang, r-devel-linux-x86_64-fedora-gcc, r-devel-windows-x86_64, r-patched-linux-x86_64, r-release-linux-x86_64, r-release-macos-arm64, r-release-windows-x86_64, r-oldrel-macos-arm64, r-oldrel-macos-x86_64, r-oldrel-windows-x86_64
Version: 1.2.1
Check: Rd files
Result: NOTE
checkRd: (-1) spnn-package.Rd:15: Lost braces in \itemize; meant \describe ?
checkRd: (-1) spnn-package.Rd:16: Lost braces in \itemize; meant \describe ?
checkRd: (-1) spnn-package.Rd:17: Lost braces in \itemize; meant \describe ?
checkRd: (-1) spnn-package.Rd:18: Lost braces in \itemize; meant \describe ?
Flavors: r-devel-linux-x86_64-debian-clang, r-devel-linux-x86_64-debian-gcc, r-devel-linux-x86_64-fedora-clang, r-devel-linux-x86_64-fedora-gcc, r-devel-windows-x86_64, r-patched-linux-x86_64, r-release-linux-x86_64, r-release-macos-arm64, r-release-windows-x86_64