CRAN Package Check Results for Package spls

Last updated on 2025-07-01 07:50:25 CEST.

Flavor Version Tinstall Tcheck Ttotal Status Flags
r-devel-linux-x86_64-debian-clang 2.2-3 3.30 84.96 88.26 NOTE
r-devel-linux-x86_64-debian-gcc 2.3-2 3.18 63.55 66.73 OK
r-devel-linux-x86_64-fedora-clang 2.2-3 132.52 OK
r-devel-linux-x86_64-fedora-gcc 2.3-2 162.55 OK
r-devel-windows-x86_64 2.3-2 8.00 136.00 144.00 OK
r-patched-linux-x86_64 OK
r-release-linux-x86_64 2.2-3 3.17 86.02 89.19 OK
r-release-macos-arm64 2.2-3 51.00 OK
r-release-macos-x86_64 2.3-2 171.00 OK
r-release-windows-x86_64 2.2-3 7.00 129.00 136.00 OK
r-oldrel-macos-arm64 2.2-3 54.00 OK
r-oldrel-macos-x86_64 2.3-2 177.00 OK
r-oldrel-windows-x86_64 2.2-3 5.00 148.00 153.00 OK

Check Details

Version: 2.2-3
Check: CRAN incoming feasibility
Result: NOTE Maintainer: ‘Valentin Todorov <valentin.todorov@chello.at>’ No Authors@R field in DESCRIPTION. Please add one, modifying Authors@R: c(person(given = "Dongjun", family = "Chung", role = "aut", email = "chungdon@stat.wisc.edu"), person(given = "Hyonho", family = "Chun", role = "aut", email = "chun@stat.wisc.edu"), person(given = "Sunduz", family = "Keles", role = "aut", email = "keles@stat.wisc.edu"), person(given = "Valentin", family = "Todorov", role = "cre", email = "valentin.todorov@chello.at")) as necessary. Flavor: r-devel-linux-x86_64-debian-clang