Last updated on 2024-05-11 07:51:44 CEST.
Flavor | Version | Tinstall | Tcheck | Ttotal | Status | Flags |
---|---|---|---|---|---|---|
r-devel-linux-x86_64-debian-clang | 0.5.2 | 52.32 | 59.45 | 111.77 | OK | |
r-devel-linux-x86_64-debian-gcc | 0.5.2 | 34.28 | 45.78 | 80.06 | OK | |
r-devel-linux-x86_64-fedora-clang | 0.5.2 | 152.81 | OK | |||
r-devel-linux-x86_64-fedora-gcc | 0.5.2 | 169.73 | OK | |||
r-devel-windows-x86_64 | 0.5.2 | 32.00 | 104.00 | 136.00 | OK | |
r-patched-linux-x86_64 | 0.5.1 | 46.29 | 57.69 | 103.98 | OK | |
r-release-linux-x86_64 | 0.5.1 | 44.21 | 57.47 | 101.68 | OK | |
r-release-macos-arm64 | 0.5.2 | 45.00 | NOTE | |||
r-release-macos-x86_64 | 0.5.2 | 169.00 | NOTE | |||
r-release-windows-x86_64 | 0.5.2 | 36.00 | 90.00 | 126.00 | OK | |
r-oldrel-macos-arm64 | 0.5.2 | 46.00 | NOTE | |||
r-oldrel-macos-x86_64 | 0.5.2 | 175.00 | NOTE | |||
r-oldrel-windows-x86_64 | 0.5.2 | 30.00 | 92.00 | 122.00 | OK |
Version: 0.5.2
Check: installed package size
Result: NOTE
installed size is 5.1Mb
sub-directories of 1Mb or more:
doc 1.2Mb
libs 3.3Mb
Flavors: r-release-macos-arm64, r-release-macos-x86_64, r-oldrel-macos-arm64, r-oldrel-macos-x86_64