Last updated on 2025-10-31 07:52:01 CET.
| Flavor | Version | Tinstall | Tcheck | Ttotal | Status | Flags | 
|---|---|---|---|---|---|---|
| r-devel-linux-x86_64-debian-clang | 3.0.5 | 7.03 | 172.28 | 179.31 | NOTE | --no-vignettes | 
| r-devel-linux-x86_64-debian-gcc | 3.0.5 | 4.84 | 108.85 | 113.69 | NOTE | --no-vignettes | 
| r-devel-linux-x86_64-fedora-clang | 3.0.5 | 19.00 | 637.13 | 656.13 | NOTE | |
| r-devel-linux-x86_64-fedora-gcc | 3.0.5 | 17.00 | 646.87 | 663.87 | NOTE | |
| r-devel-windows-x86_64 | 3.0.5 | 10.00 | 350.00 | 360.00 | NOTE | |
| r-patched-linux-x86_64 | 3.0.5 | 7.52 | 162.17 | 169.69 | NOTE | --no-vignettes | 
| r-release-linux-x86_64 | 3.0.5 | 6.09 | 161.82 | 167.91 | NOTE | --no-vignettes | 
| r-release-macos-arm64 | 3.0.5 | 4.00 | 139.00 | 143.00 | NOTE | |
| r-release-macos-x86_64 | 3.0.5 | 6.00 | 301.00 | 307.00 | NOTE | |
| r-release-windows-x86_64 | 3.0.5 | 13.00 | 324.00 | 337.00 | NOTE | |
| r-oldrel-macos-arm64 | 3.0.5 | 4.00 | 111.00 | 115.00 | NOTE | |
| r-oldrel-macos-x86_64 | 3.0.5 | 6.00 | 196.00 | 202.00 | NOTE | |
| r-oldrel-windows-x86_64 | 3.0.5 | 13.00 | 434.00 | 447.00 | NOTE | 
Version: 3.0.5
Flags: --no-vignettes
Check: CRAN incoming feasibility
Result: NOTE
  Maintainer: ‘Alexander Brenning <alexander.brenning@uni-jena.de>’
  
  Package CITATION file contains call(s) to old-style citEntry().  Please
  use bibentry() instead.
Flavors: r-devel-linux-x86_64-debian-clang, r-devel-linux-x86_64-debian-gcc
Version: 3.0.5
Flags: --no-vignettes
Check: Rd files
Result: NOTE
  checkRd: (-1) partition_cv.Rd:36: Lost braces; missing escapes or markup?
      36 | if \code{TRUE} (used internally by other {sperrorest} functions), return a
         |                                          ^
  checkRd: (-1) partition_cv_strat.Rd:28: Lost braces; missing escapes or markup?
      28 | if \code{TRUE} (used internally by other {sperrorest} functions), return a
         |                                          ^
  checkRd: (-1) partition_factor.Rd:28: Lost braces; missing escapes or markup?
      28 | if \code{TRUE} (used internally by other {sperrorest} functions), return a
         |                                          ^
  checkRd: (-1) partition_factor_cv.Rd:43: Lost braces; missing escapes or markup?
      43 | if \code{TRUE} (used internally by other {sperrorest} functions), return a
         |                                          ^
  checkRd: (-1) partition_kmeans.Rd:41: Lost braces; missing escapes or markup?
      41 | if \code{TRUE} (used internally by other {sperrorest} functions), return a
         |                                          ^
  checkRd: (-1) partition_tiles.Rd:78: Lost braces; missing escapes or markup?
      78 | if \code{TRUE} (used internally by other {sperrorest} functions), return a
         |                                          ^
  checkRd: (-1) sperrorest.Rd:55: Lost braces; missing escapes or markup?
      55 | \code{formula} and \code{data} argument, which are provided by {sperrorest})}
         |                                                                ^
  checkRd: (-1) sperrorest.Rd:63: Lost braces; missing escapes or markup?
      63 | {sperrorest}).}
         | ^
  checkRd: (-1) sperrorest.Rd:135: Lost braces; missing escapes or markup?
     135 | A list (object of class {sperrorest}) with (up to) six components:
         |                         ^
  checkRd: (-1) sperrorest.Rd:148: Lost braces; missing escapes or markup?
     148 | information about the {sperrorest} package version
         |                       ^
  checkRd: (-1) summary.sperroresterror.Rd:5: Lost braces; missing escapes or markup?
       5 | \title{Summarize error statistics obtained by {sperrorest}}
         |                                               ^
  checkRd: (-1) summary.sperrorestimportance.Rd:5: Lost braces; missing escapes or markup?
       5 | \title{Summarize variable importance statistics obtained by {sperrorest}}
         |                                                             ^
Flavors: r-devel-linux-x86_64-debian-clang, r-devel-linux-x86_64-debian-gcc, r-patched-linux-x86_64, r-release-linux-x86_64
Version: 3.0.5
Check: Rd files
Result: NOTE
  checkRd: (-1) partition_cv.Rd:36: Lost braces; missing escapes or markup?
      36 | if \code{TRUE} (used internally by other {sperrorest} functions), return a
         |                                          ^
  checkRd: (-1) partition_cv_strat.Rd:28: Lost braces; missing escapes or markup?
      28 | if \code{TRUE} (used internally by other {sperrorest} functions), return a
         |                                          ^
  checkRd: (-1) partition_factor.Rd:28: Lost braces; missing escapes or markup?
      28 | if \code{TRUE} (used internally by other {sperrorest} functions), return a
         |                                          ^
  checkRd: (-1) partition_factor_cv.Rd:43: Lost braces; missing escapes or markup?
      43 | if \code{TRUE} (used internally by other {sperrorest} functions), return a
         |                                          ^
  checkRd: (-1) partition_kmeans.Rd:41: Lost braces; missing escapes or markup?
      41 | if \code{TRUE} (used internally by other {sperrorest} functions), return a
         |                                          ^
  checkRd: (-1) partition_tiles.Rd:78: Lost braces; missing escapes or markup?
      78 | if \code{TRUE} (used internally by other {sperrorest} functions), return a
         |                                          ^
  checkRd: (-1) sperrorest.Rd:55: Lost braces; missing escapes or markup?
      55 | \code{formula} and \code{data} argument, which are provided by {sperrorest})}
         |                                                                ^
  checkRd: (-1) sperrorest.Rd:63: Lost braces; missing escapes or markup?
      63 | {sperrorest}).}
         | ^
  checkRd: (-1) sperrorest.Rd:135: Lost braces; missing escapes or markup?
     135 | A list (object of class {sperrorest}) with (up to) six components:
         |                         ^
  checkRd: (-1) sperrorest.Rd:148: Lost braces; missing escapes or markup?
     148 | information about the {sperrorest} package version
         |                       ^
  checkRd: (-1) summary.sperroresterror.Rd:5: Lost braces; missing escapes or markup?
       5 | \title{Summarize error statistics obtained by {sperrorest}}
         |                                               ^
  checkRd: (-1) summary.sperrorestimportance.Rd:5: Lost braces; missing escapes or markup?
       5 | \title{Summarize variable importance statistics obtained by {sperrorest}}
         |                                                             ^
Flavors: r-devel-linux-x86_64-fedora-clang, r-devel-linux-x86_64-fedora-gcc, r-devel-windows-x86_64, r-release-macos-arm64, r-release-macos-x86_64, r-release-windows-x86_64, r-oldrel-macos-arm64, r-oldrel-macos-x86_64, r-oldrel-windows-x86_64