Last updated on 2025-10-31 07:52:01 CET.
| Flavor | Version | Tinstall | Tcheck | Ttotal | Status | Flags | 
|---|---|---|---|---|---|---|
| r-devel-linux-x86_64-debian-clang | 0.1.5 | 6.67 | 51.07 | 57.74 | NOTE | |
| r-devel-linux-x86_64-debian-gcc | 0.1.5 | 4.16 | 36.68 | 40.84 | NOTE | |
| r-devel-linux-x86_64-fedora-clang | 0.1.5 | 15.00 | 69.68 | 84.68 | NOTE | |
| r-devel-linux-x86_64-fedora-gcc | 0.1.5 | 14.00 | 62.52 | 76.52 | NOTE | |
| r-devel-windows-x86_64 | 0.1.5 | 7.00 | 59.00 | 66.00 | NOTE | |
| r-patched-linux-x86_64 | 0.1.5 | 6.45 | 45.36 | 51.81 | NOTE | |
| r-release-linux-x86_64 | 0.1.5 | 5.43 | 44.62 | 50.05 | NOTE | |
| r-release-macos-arm64 | 0.1.5 | 3.00 | 24.00 | 27.00 | NOTE | |
| r-release-macos-x86_64 | 0.1.5 | 6.00 | 43.00 | 49.00 | NOTE | |
| r-release-windows-x86_64 | 0.1.5 | 9.00 | 60.00 | 69.00 | NOTE | |
| r-oldrel-macos-arm64 | 0.1.5 | 3.00 | 25.00 | 28.00 | NOTE | |
| r-oldrel-macos-x86_64 | 0.1.5 | 4.00 | 35.00 | 39.00 | NOTE | |
| r-oldrel-windows-x86_64 | 0.1.5 | 11.00 | 73.00 | 84.00 | NOTE | 
Version: 0.1.5
Check: Rd files
Result: NOTE
  checkRd: (-1) speech_recompiler.Rd:25: Lost braces; missing escapes or markup?
      25 | The default compilation is that of \ code {speech_build (., compiler = TRUE}).
         |                                           ^
Flavors: r-devel-linux-x86_64-debian-clang, r-devel-linux-x86_64-debian-gcc, r-devel-linux-x86_64-fedora-clang, r-devel-linux-x86_64-fedora-gcc, r-devel-windows-x86_64, r-patched-linux-x86_64, r-release-linux-x86_64, r-release-macos-arm64, r-release-macos-x86_64, r-release-windows-x86_64, r-oldrel-macos-arm64, r-oldrel-macos-x86_64, r-oldrel-windows-x86_64