Last updated on 2024-07-26 07:52:03 CEST.
Flavor | Version | Tinstall | Tcheck | Ttotal | Status | Flags |
---|---|---|---|---|---|---|
r-devel-linux-x86_64-debian-clang | 1.3-5 | 29.19 | 293.15 | 322.34 | OK | |
r-devel-linux-x86_64-debian-gcc | 1.3-5 | 20.89 | 220.72 | 241.61 | OK | |
r-devel-linux-x86_64-fedora-clang | 1.3-5 | 420.26 | NOTE | |||
r-devel-linux-x86_64-fedora-gcc | 1.3-5 | 395.30 | OK | |||
r-devel-windows-x86_64 | 1.3-5 | 35.00 | 254.00 | 289.00 | NOTE | |
r-patched-linux-x86_64 | 1.3-5 | OK | ||||
r-release-linux-x86_64 | 1.3-5 | 23.06 | 280.38 | 303.44 | OK | |
r-release-macos-arm64 | 1.3-5 | 114.00 | NOTE | |||
r-release-macos-x86_64 | 1.3-5 | 327.00 | NOTE | |||
r-release-windows-x86_64 | 1.3-5 | 31.00 | 254.00 | 285.00 | NOTE | |
r-oldrel-macos-arm64 | 1.3-5 | 125.00 | NOTE | |||
r-oldrel-macos-x86_64 | 1.3-5 | 234.00 | NOTE | |||
r-oldrel-windows-x86_64 | 1.3-5 | 39.00 | 321.00 | 360.00 | NOTE |
Version: 1.3-5
Check: installed package size
Result: NOTE
installed size is 8.2Mb
sub-directories of 1Mb or more:
doc 5.3Mb
etc 1.4Mb
Flavors: r-devel-linux-x86_64-fedora-clang, r-devel-windows-x86_64, r-release-macos-arm64, r-release-macos-x86_64, r-release-windows-x86_64, r-oldrel-macos-arm64, r-oldrel-macos-x86_64, r-oldrel-windows-x86_64