Last updated on 2025-02-17 07:50:48 CET.
Flavor | Version | Tinstall | Tcheck | Ttotal | Status | Flags |
---|---|---|---|---|---|---|
r-devel-linux-x86_64-debian-clang | 3.2-5 | 27.51 | 189.76 | 217.27 | OK | |
r-devel-linux-x86_64-debian-gcc | 3.2-5 | 17.78 | 127.54 | 145.32 | OK | |
r-devel-linux-x86_64-fedora-clang | 3.2-5 | 354.89 | OK | |||
r-devel-linux-x86_64-fedora-gcc | 3.2-5 | 327.10 | OK | |||
r-devel-macos-arm64 | 3.2-5 | 89.00 | OK | |||
r-devel-macos-x86_64 | 3.2-5 | 198.00 | OK | |||
r-devel-windows-x86_64 | 3.2-5 | 37.00 | 232.00 | 269.00 | OK | |
r-patched-linux-x86_64 | 3.2-5 | 29.04 | 180.02 | 209.06 | NOTE | |
r-release-linux-x86_64 | 3.2-5 | 24.11 | 179.09 | 203.20 | NOTE | |
r-release-macos-arm64 | 3.2-5 | 88.00 | NOTE | |||
r-release-macos-x86_64 | 3.2-5 | 180.00 | NOTE | |||
r-release-windows-x86_64 | 3.2-5 | 37.00 | 234.00 | 271.00 | NOTE | |
r-oldrel-macos-arm64 | 3.2-3 | 88.00 | NOTE | |||
r-oldrel-macos-x86_64 | 3.2-5 | 193.00 | NOTE | |||
r-oldrel-windows-x86_64 | 3.2-5 | 42.00 | 287.00 | 329.00 | NOTE |
Version: 3.2-5
Check: package dependencies
Result: NOTE
Depends: includes the non-default packages:
'spatstat.data', 'spatstat.univar', 'spatstat.geom',
'spatstat.random', 'spatstat.explore', 'spatstat.model'
Adding so many packages to the search path is excessive and importing
selectively is preferable.
Flavors: r-patched-linux-x86_64, r-release-linux-x86_64, r-release-macos-arm64, r-release-macos-x86_64, r-release-windows-x86_64, r-oldrel-macos-x86_64, r-oldrel-windows-x86_64
Version: 3.2-3
Check: package dependencies
Result: NOTE
Depends: includes the non-default packages:
'spatstat.data', 'spatstat.univar', 'spatstat.geom',
'spatstat.random', 'spatstat.explore', 'spatstat.model'
Adding so many packages to the search path is excessive and importing
selectively is preferable.
Flavor: r-oldrel-macos-arm64