Last updated on 2025-02-17 07:50:48 CET.
Flavor | Version | Tinstall | Tcheck | Ttotal | Status | Flags |
---|---|---|---|---|---|---|
r-devel-linux-x86_64-debian-clang | 0.1.0 | 6.66 | 55.38 | 62.04 | OK | |
r-devel-linux-x86_64-debian-gcc | 0.1.0 | 4.94 | 42.27 | 47.21 | OK | |
r-devel-linux-x86_64-fedora-clang | 0.1.0 | 98.76 | OK | |||
r-devel-linux-x86_64-fedora-gcc | 0.1.0 | 92.80 | OK | |||
r-devel-macos-arm64 | 0.1.0 | 29.00 | OK | |||
r-devel-macos-x86_64 | 0.1.0 | 53.00 | OK | |||
r-devel-windows-x86_64 | 0.1.0 | 7.00 | 74.00 | 81.00 | OK | |
r-patched-linux-x86_64 | 0.1.0 | 5.68 | 52.44 | 58.12 | NOTE | |
r-release-linux-x86_64 | 0.1.0 | 5.85 | 52.93 | 58.78 | NOTE | |
r-release-macos-arm64 | 0.1.0 | 30.00 | NOTE | |||
r-release-macos-x86_64 | 0.1.0 | 46.00 | NOTE | |||
r-release-windows-x86_64 | 0.1.0 | 7.00 | 67.00 | 74.00 | NOTE | |
r-oldrel-macos-arm64 | 0.1.0 | 35.00 | NOTE | |||
r-oldrel-macos-x86_64 | 0.1.0 | 58.00 | NOTE | |||
r-oldrel-windows-x86_64 | 0.1.0 | 10.00 | 82.00 | 92.00 | NOTE |
Version: 0.1.0
Check: LazyData
Result: NOTE
'LazyData' is specified without a 'data' directory
Flavors: r-patched-linux-x86_64, r-release-linux-x86_64, r-release-macos-arm64, r-release-macos-x86_64, r-release-windows-x86_64, r-oldrel-macos-arm64, r-oldrel-macos-x86_64, r-oldrel-windows-x86_64