Last updated on 2024-05-13 07:50:17 CEST.
Flavor | Version | Tinstall | Tcheck | Ttotal | Status | Flags |
---|---|---|---|---|---|---|
r-devel-linux-x86_64-debian-clang | 0.3.0 | 6.19 | 66.63 | 72.82 | NOTE | |
r-devel-linux-x86_64-debian-gcc | 0.3.0 | 5.27 | 49.04 | 54.31 | NOTE | |
r-devel-linux-x86_64-fedora-clang | 0.3.0 | 99.81 | NOTE | |||
r-devel-linux-x86_64-fedora-gcc | 0.3.0 | 210.72 | NOTE | |||
r-devel-windows-x86_64 | 0.3.0 | 8.00 | 70.00 | 78.00 | NOTE | |
r-patched-linux-x86_64 | 0.3.0 | 4.55 | 61.35 | 65.90 | NOTE | |
r-release-linux-x86_64 | 0.3.0 | 4.34 | 63.11 | 67.45 | NOTE | |
r-release-macos-arm64 | 0.3.0 | 29.00 | NOTE | |||
r-release-windows-x86_64 | 0.3.0 | 8.00 | 71.00 | 79.00 | NOTE | |
r-oldrel-macos-arm64 | 0.3.0 | 32.00 | NOTE | |||
r-oldrel-macos-x86_64 | 0.3.0 | 51.00 | NOTE | |||
r-oldrel-windows-x86_64 | 0.3.0 | 9.00 | 79.00 | 88.00 | NOTE |
Version: 0.3.0
Check: LazyData
Result: NOTE
'LazyData' is specified without a 'data' directory
Flavors: r-devel-linux-x86_64-debian-clang, r-devel-linux-x86_64-debian-gcc, r-devel-linux-x86_64-fedora-clang, r-devel-linux-x86_64-fedora-gcc, r-devel-windows-x86_64, r-patched-linux-x86_64, r-release-linux-x86_64, r-release-macos-arm64, r-release-windows-x86_64, r-oldrel-macos-arm64, r-oldrel-macos-x86_64, r-oldrel-windows-x86_64