Last updated on 2025-02-17 07:50:47 CET.
Flavor | Version | Tinstall | Tcheck | Ttotal | Status | Flags |
---|---|---|---|---|---|---|
r-devel-linux-x86_64-debian-clang | 0.3.3 | 20.34 | 23.86 | 44.20 | OK | |
r-devel-linux-x86_64-debian-gcc | 0.3.3 | 15.08 | 18.93 | 34.01 | OK | |
r-devel-linux-x86_64-fedora-clang | 0.3.3 | 78.54 | OK | |||
r-devel-linux-x86_64-fedora-gcc | 0.3.3 | 73.34 | OK | |||
r-devel-macos-arm64 | 0.3.3 | 24.00 | OK | |||
r-devel-macos-x86_64 | 0.3.3 | 43.00 | OK | |||
r-devel-windows-x86_64 | 0.3.3 | 23.00 | 67.00 | 90.00 | OK | |
r-patched-linux-x86_64 | 0.3.3 | 20.96 | 23.12 | 44.08 | OK | |
r-release-linux-x86_64 | 0.3.3 | 18.95 | 23.41 | 42.36 | OK | |
r-release-macos-arm64 | 0.3.3 | 28.00 | NOTE | |||
r-release-macos-x86_64 | 0.3.3 | 36.00 | NOTE | |||
r-release-windows-x86_64 | 0.3.3 | 25.00 | 66.00 | 91.00 | OK | |
r-oldrel-macos-arm64 | 0.3.3 | 44.00 | NOTE | |||
r-oldrel-macos-x86_64 | 0.3.3 | 90.00 | NOTE | |||
r-oldrel-windows-x86_64 | 0.3.3 | 27.00 | 69.00 | 96.00 | OK |
Version: 0.3.3
Check: installed package size
Result: NOTE
installed size is 5.2Mb
sub-directories of 1Mb or more:
include 2.1Mb
libs 3.0Mb
Flavors: r-release-macos-arm64, r-release-macos-x86_64, r-oldrel-macos-arm64, r-oldrel-macos-x86_64