CRAN Package Check Results for Package spNetwork

Last updated on 2025-06-30 07:49:32 CEST.

Flavor Version Tinstall Tcheck Ttotal Status Flags
r-devel-linux-x86_64-debian-clang 0.4.4.6 150.42 313.21 463.63 OK
r-devel-linux-x86_64-debian-gcc 0.4.4.6 114.43 200.07 314.50 OK
r-devel-linux-x86_64-fedora-clang 0.4.4.6 786.61 OK
r-devel-linux-x86_64-fedora-gcc 0.4.4.6 758.98 OK
r-devel-windows-x86_64 0.4.4.6 174.00 369.00 543.00 OK
r-patched-linux-x86_64 OK
r-release-linux-x86_64 0.4.4.6 159.16 274.31 433.47 OK
r-release-macos-arm64 0.4.4.6 162.00 OK
r-release-macos-x86_64 0.4.4.6 259.00 OK
r-release-windows-x86_64 0.4.4.6 176.00 300.00 476.00 OK
r-oldrel-macos-arm64 0.4.4.6 161.00 NOTE
r-oldrel-macos-x86_64 0.4.4.6 233.00 NOTE
r-oldrel-windows-x86_64 0.4.4.6 205.00 386.00 591.00 NOTE

Check Details

Version: 0.4.4.6
Check: installed package size
Result: NOTE installed size is 17.7Mb sub-directories of 1Mb or more: doc 1.0Mb extdata 2.6Mb libs 12.6Mb Flavors: r-oldrel-macos-arm64, r-oldrel-macos-x86_64, r-oldrel-windows-x86_64