Last updated on 2025-10-29 07:50:51 CET.
| Flavor | Version | Tinstall | Tcheck | Ttotal | Status | Flags | 
|---|---|---|---|---|---|---|
| r-devel-linux-x86_64-debian-clang | 0.1 | 3.76 | 37.65 | 41.41 | NOTE | |
| r-devel-linux-x86_64-debian-gcc | 0.1 | 2.68 | 29.62 | 32.30 | NOTE | |
| r-devel-linux-x86_64-fedora-clang | 0.1 | 61.63 | OK | |||
| r-devel-linux-x86_64-fedora-gcc | 0.1 | 59.71 | OK | |||
| r-devel-windows-x86_64 | 0.1 | 7.00 | 64.00 | 71.00 | OK | |
| r-patched-linux-x86_64 | 0.1 | 3.32 | 37.28 | 40.60 | OK | |
| r-release-linux-x86_64 | 0.1 | 3.46 | 37.35 | 40.81 | OK | |
| r-release-macos-arm64 | 0.1 | 3.00 | 27.00 | 30.00 | OK | |
| r-release-macos-x86_64 | 0.1 | 5.00 | 42.00 | 47.00 | OK | |
| r-release-windows-x86_64 | 0.1 | 10.00 | 64.00 | 74.00 | OK | |
| r-oldrel-macos-arm64 | 0.1 | 3.00 | 23.00 | 26.00 | OK | |
| r-oldrel-macos-x86_64 | 0.1 | 4.00 | 32.00 | 36.00 | OK | |
| r-oldrel-windows-x86_64 | 0.1 | 9.00 | 73.00 | 82.00 | OK | 
Version: 0.1
Check: CRAN incoming feasibility
Result: NOTE
  Maintainer: ‘Qian Zhu <zqian@jimmy.harvard.edu>’
  
  No Authors@R field in DESCRIPTION.
  Please add one, modifying
    Authors@R: c(person(given = "Qian",
                        family = "Zhu",
                        role = c("aut", "cre"),
                        email = "zqian@jimmy.harvard.edu"),
                 person(given = "Guo-Cheng",
                        family = "Yuan",
                        role = "aut"))
  as necessary.
Flavors: r-devel-linux-x86_64-debian-clang, r-devel-linux-x86_64-debian-gcc