Last updated on 2025-02-19 07:53:59 CET.
Flavor | Version | Tinstall | Tcheck | Ttotal | Status | Flags |
---|---|---|---|---|---|---|
r-devel-linux-x86_64-debian-clang | 1.0.3 | 1.79 | 121.80 | 123.59 | OK | |
r-devel-linux-x86_64-debian-gcc | 1.0.3 | 1.52 | 75.92 | 77.44 | OK | |
r-devel-linux-x86_64-fedora-clang | 1.0.3 | 225.35 | OK | |||
r-devel-linux-x86_64-fedora-gcc | 1.0.3 | 229.41 | OK | |||
r-devel-macos-arm64 | 1.0.3 | 59.00 | OK | |||
r-devel-macos-x86_64 | 1.0.3 | 110.00 | OK | |||
r-devel-windows-x86_64 | 1.0.3 | 2.00 | 116.00 | 118.00 | OK | |
r-patched-linux-x86_64 | 1.0.3 | 1.69 | 108.98 | 110.67 | NOTE | |
r-release-linux-x86_64 | 1.0.3 | 1.75 | 110.99 | 112.74 | NOTE | |
r-release-macos-arm64 | 1.0.3 | 55.00 | NOTE | |||
r-release-macos-x86_64 | 1.0.3 | 88.00 | NOTE | |||
r-release-windows-x86_64 | 1.0.3 | 4.00 | 118.00 | 122.00 | NOTE | |
r-oldrel-macos-arm64 | 1.0.3 | 60.00 | NOTE | |||
r-oldrel-macos-x86_64 | 1.0.3 | 98.00 | NOTE | |||
r-oldrel-windows-x86_64 | 1.0.3 | 3.00 | 140.00 | 143.00 | NOTE |
Version: 1.0.3
Check: LazyData
Result: NOTE
'LazyData' is specified without a 'data' directory
Flavors: r-patched-linux-x86_64, r-release-linux-x86_64, r-release-macos-arm64, r-release-macos-x86_64, r-release-windows-x86_64, r-oldrel-macos-arm64, r-oldrel-macos-x86_64, r-oldrel-windows-x86_64