Last updated on 2024-07-26 07:52:03 CEST.
Flavor | Version | Tinstall | Tcheck | Ttotal | Status | Flags |
---|---|---|---|---|---|---|
r-devel-linux-x86_64-debian-clang | 0.3.1 | 2.65 | 62.12 | 64.77 | NOTE | |
r-devel-linux-x86_64-debian-gcc | 0.3.1 | 2.09 | 45.41 | 47.50 | NOTE | |
r-devel-linux-x86_64-fedora-clang | 0.3.1 | 81.17 | NOTE | |||
r-devel-linux-x86_64-fedora-gcc | 0.3.1 | 87.18 | NOTE | |||
r-devel-windows-x86_64 | 0.3.1 | 4.00 | 69.00 | 73.00 | NOTE | |
r-patched-linux-x86_64 | 0.3.1 | NOTE | ||||
r-release-linux-x86_64 | 0.3.1 | 2.86 | 57.56 | 60.42 | NOTE | |
r-release-macos-arm64 | 0.3.1 | 36.00 | NOTE | |||
r-release-macos-x86_64 | 0.3.1 | 51.00 | NOTE | |||
r-release-windows-x86_64 | 0.3.1 | 3.00 | 70.00 | 73.00 | NOTE | |
r-oldrel-macos-arm64 | 0.3.1 | 35.00 | NOTE | |||
r-oldrel-macos-x86_64 | 0.3.1 | 52.00 | NOTE | |||
r-oldrel-windows-x86_64 | 0.3.1 | 4.00 | 77.00 | 81.00 | NOTE |
Version: 0.3.1
Check: LazyData
Result: NOTE
'LazyData' is specified without a 'data' directory
Flavors: r-devel-linux-x86_64-debian-clang, r-devel-linux-x86_64-debian-gcc, r-devel-linux-x86_64-fedora-clang, r-devel-linux-x86_64-fedora-gcc, r-devel-windows-x86_64, r-patched-linux-x86_64, r-release-linux-x86_64, r-release-macos-arm64, r-release-macos-x86_64, r-release-windows-x86_64, r-oldrel-macos-arm64, r-oldrel-macos-x86_64, r-oldrel-windows-x86_64