Last updated on 2024-05-09 07:56:59 CEST.
Flavor | Version | Tinstall | Tcheck | Ttotal | Status | Flags |
---|---|---|---|---|---|---|
r-devel-linux-x86_64-debian-clang | 0.1.1 | 3.36 | 59.43 | 62.79 | NOTE | |
r-devel-linux-x86_64-debian-gcc | 0.1.1 | 2.33 | 44.90 | 47.23 | NOTE | |
r-devel-linux-x86_64-fedora-clang | 0.1.1 | 81.81 | NOTE | |||
r-devel-linux-x86_64-fedora-gcc | 0.1.1 | 114.16 | NOTE | |||
r-devel-windows-x86_64 | 0.1.1 | 3.00 | 96.00 | 99.00 | NOTE | |
r-patched-linux-x86_64 | 0.1.1 | 2.67 | 57.20 | 59.87 | NOTE | |
r-release-linux-x86_64 | 0.1.1 | 3.03 | 55.48 | 58.51 | NOTE | |
r-release-macos-arm64 | 0.1.1 | 33.00 | NOTE | |||
r-release-windows-x86_64 | 0.1.1 | 4.00 | 92.00 | 96.00 | NOTE | |
r-oldrel-macos-arm64 | 0.1.1 | 36.00 | OK | |||
r-oldrel-macos-x86_64 | 0.1.1 | 49.00 | OK | |||
r-oldrel-windows-x86_64 | 0.1.1 | 4.00 | 91.00 | 95.00 | OK |
Version: 0.1.1
Check: Rd files
Result: NOTE
checkRd: (-1) fit_slim.Rd:24: Lost braces; missing escapes or markup?
24 | sum(x' V^{-1} (y - x beta)) = 0 as the covariance V tends from V[, , 1] +
| ^
Flavors: r-devel-linux-x86_64-debian-clang, r-devel-linux-x86_64-debian-gcc, r-devel-linux-x86_64-fedora-clang, r-devel-linux-x86_64-fedora-gcc, r-devel-windows-x86_64, r-patched-linux-x86_64, r-release-linux-x86_64, r-release-macos-arm64, r-release-windows-x86_64