CRAN Package Check Results for Package sinib

Last updated on 2025-10-13 07:50:04 CEST.

Flavor Version Tinstall Tcheck Ttotal Status Flags
r-devel-linux-x86_64-debian-clang 1.0.0 1.87 21.28 23.15 NOTE
r-devel-linux-x86_64-debian-gcc 1.0.0 1.55 16.79 18.34 NOTE
r-devel-linux-x86_64-fedora-clang 1.0.0 36.22 OK
r-devel-linux-x86_64-fedora-gcc 1.0.0 32.13 OK
r-devel-windows-x86_64 1.0.0 3.00 37.00 40.00 OK
r-patched-linux-x86_64 1.0.0 1.89 20.18 22.07 OK
r-release-linux-x86_64 1.0.0 1.80 19.72 21.52 OK
r-release-macos-arm64 1.0.0 16.00 OK
r-release-macos-x86_64 1.0.0 24.00 OK
r-release-windows-x86_64 1.0.0 2.00 39.00 41.00 OK
r-oldrel-macos-arm64 1.0.0 16.00 OK
r-oldrel-macos-x86_64 1.0.0 20.00 OK
r-oldrel-windows-x86_64 1.0.0 2.00 37.00 39.00 OK

Check Details

Version: 1.0.0
Check: CRAN incoming feasibility
Result: NOTE Maintainer: ‘Boxiang Liu <jollier.liu@gmail.com>’ No Authors@R field in DESCRIPTION. Please add one, modifying Authors@R: person(given = "Boxiang", family = "Liu", role = c("aut", "cre"), email = "jollier.liu@gmail.com") as necessary. Flavors: r-devel-linux-x86_64-debian-clang, r-devel-linux-x86_64-debian-gcc