Last updated on 2024-05-11 07:51:43 CEST.
Flavor | Version | Tinstall | Tcheck | Ttotal | Status | Flags |
---|---|---|---|---|---|---|
r-devel-linux-x86_64-debian-clang | 0.2.5 | 10.62 | 79.43 | 90.05 | NOTE | --no-vignettes |
r-devel-linux-x86_64-debian-gcc | 0.2.5 | 6.74 | 59.67 | 66.41 | NOTE | --no-vignettes |
r-devel-linux-x86_64-fedora-clang | 0.2.5 | 357.80 | NOTE | |||
r-devel-linux-x86_64-fedora-gcc | 0.2.5 | 448.74 | NOTE | |||
r-devel-windows-x86_64 | 0.2.5 | 8.00 | 346.00 | 354.00 | NOTE | |
r-patched-linux-x86_64 | 0.2.5 | 9.10 | 73.22 | 82.32 | NOTE | --no-vignettes |
r-release-linux-x86_64 | 0.2.5 | 7.02 | 75.37 | 82.39 | NOTE | --no-vignettes |
r-release-macos-arm64 | 0.2.5 | 193.00 | NOTE | |||
r-release-windows-x86_64 | 0.2.5 | 9.00 | 335.00 | 344.00 | NOTE | |
r-oldrel-macos-arm64 | 0.2.5 | 212.00 | OK | |||
r-oldrel-macos-x86_64 | 0.2.5 | 352.00 | OK | |||
r-oldrel-windows-x86_64 | 0.2.5 | 9.00 | 414.00 | 423.00 | OK |
Version: 0.2.5
Flags: --no-vignettes
Check: Rd files
Result: NOTE
checkRd: (-1) add_bold.Rd:15: Lost braces; missing escapes or markup?
15 | For example, in latex it would take "2" and output "{\\bf 2}"; in html
| ^
Flavors: r-devel-linux-x86_64-debian-clang, r-devel-linux-x86_64-debian-gcc, r-patched-linux-x86_64, r-release-linux-x86_64
Version: 0.2.5
Check: Rd files
Result: NOTE
checkRd: (-1) add_bold.Rd:15: Lost braces; missing escapes or markup?
15 | For example, in latex it would take "2" and output "{\\bf 2}"; in html
| ^
Flavors: r-devel-linux-x86_64-fedora-clang, r-devel-linux-x86_64-fedora-gcc, r-devel-windows-x86_64, r-release-macos-arm64, r-release-windows-x86_64