CRAN Package Check Results for Package simsurv

Last updated on 2025-06-24 07:49:42 CEST.

Flavor Version Tinstall Tcheck Ttotal Status Flags
r-devel-linux-x86_64-debian-clang 1.0.0 2.56 315.31 317.87 NOTE
r-devel-linux-x86_64-debian-gcc 1.0.0 2.12 166.81 168.93 NOTE
r-devel-linux-x86_64-fedora-clang 1.0.0 533.59 NOTE
r-devel-linux-x86_64-fedora-gcc 1.0.0 522.78 NOTE
r-devel-windows-x86_64 1.0.0 3.00 255.00 258.00 NOTE
r-patched-linux-x86_64 1.0.0 2.47 297.07 299.54 NOTE
r-release-linux-x86_64 1.0.0 2.49 293.74 296.23 NOTE
r-release-macos-arm64 1.0.0 131.00 NOTE
r-release-macos-x86_64 1.0.0 352.00 NOTE
r-release-windows-x86_64 1.0.0 4.00 255.00 259.00 NOTE
r-oldrel-macos-arm64 1.0.0 117.00 NOTE
r-oldrel-macos-x86_64 1.0.0 314.00 NOTE
r-oldrel-windows-x86_64 1.0.0 4.00 365.00 369.00 NOTE

Check Details

Version: 1.0.0
Check: package subdirectories
Result: NOTE Problems with news in ‘NEWS.md’: Cannot extract version info from the following section titles: Version (Date) Flavors: r-devel-linux-x86_64-debian-clang, r-devel-linux-x86_64-debian-gcc, r-devel-linux-x86_64-fedora-clang, r-devel-linux-x86_64-fedora-gcc, r-devel-windows-x86_64, r-patched-linux-x86_64, r-release-linux-x86_64, r-release-macos-arm64, r-release-macos-x86_64, r-release-windows-x86_64, r-oldrel-macos-arm64, r-oldrel-macos-x86_64, r-oldrel-windows-x86_64