Last updated on 2024-05-09 07:56:59 CEST.
Flavor | Version | Tinstall | Tcheck | Ttotal | Status | Flags |
---|---|---|---|---|---|---|
r-devel-linux-x86_64-debian-clang | 0.4 | 12.53 | 91.58 | 104.11 | NOTE | |
r-devel-linux-x86_64-debian-gcc | 0.4 | 10.38 | 66.67 | 77.05 | NOTE | |
r-devel-linux-x86_64-fedora-clang | 0.4 | 126.49 | NOTE | |||
r-devel-linux-x86_64-fedora-gcc | 0.4 | 178.47 | NOTE | |||
r-devel-windows-x86_64 | 0.4 | 13.00 | 84.00 | 97.00 | NOTE | |
r-patched-linux-x86_64 | 0.4 | 16.62 | 85.46 | 102.08 | NOTE | |
r-release-linux-x86_64 | 0.4 | 11.98 | 85.23 | 97.21 | NOTE | |
r-release-macos-arm64 | 0.4 | 36.00 | NOTE | |||
r-release-windows-x86_64 | 0.4 | 14.00 | 83.00 | 97.00 | NOTE | |
r-oldrel-macos-arm64 | 0.4 | 45.00 | NOTE | |||
r-oldrel-macos-x86_64 | 0.4 | 69.00 | NOTE | |||
r-oldrel-windows-x86_64 | 0.4 | 17.00 | 101.00 | 118.00 | NOTE |
Version: 0.4
Check: LazyData
Result: NOTE
'LazyData' is specified without a 'data' directory
Flavors: r-devel-linux-x86_64-debian-clang, r-devel-linux-x86_64-debian-gcc, r-devel-linux-x86_64-fedora-clang, r-devel-linux-x86_64-fedora-gcc, r-devel-windows-x86_64, r-patched-linux-x86_64, r-release-linux-x86_64, r-release-macos-arm64, r-release-windows-x86_64, r-oldrel-macos-arm64, r-oldrel-macos-x86_64, r-oldrel-windows-x86_64