CRAN Package Check Results for Package sidier

Last updated on 2025-02-11 07:48:35 CET.

Flavor Version Tinstall Tcheck Ttotal Status Flags
r-devel-linux-x86_64-debian-clang 4.1.0 12.78 77.50 90.28 NOTE
r-devel-linux-x86_64-debian-gcc 4.1.0 8.84 52.72 61.56 NOTE
r-devel-linux-x86_64-fedora-clang 4.1.0 144.36 NOTE
r-devel-linux-x86_64-fedora-gcc 4.1.0 133.31 NOTE
r-devel-windows-x86_64 4.1.0 15.00 102.00 117.00 NOTE
r-patched-linux-x86_64 4.1.0 17.51 71.43 88.94 NOTE
r-release-linux-x86_64 4.1.0 10.26 71.96 82.22 NOTE
r-release-macos-arm64 4.1.0 39.00 NOTE
r-release-macos-x86_64 4.1.0 61.00 NOTE
r-release-windows-x86_64 4.1.0 16.00 99.00 115.00 NOTE
r-oldrel-macos-arm64 4.1.0 41.00 OK
r-oldrel-macos-x86_64 4.1.0 67.00 OK
r-oldrel-windows-x86_64 4.1.0 16.00 123.00 139.00 OK

Check Details

Version: 4.1.0
Check: Rd files
Result: NOTE checkRd: (-1) pop.dist.Rd:41: Lost braces; missing escapes or markup? 41 | where \emph{dist(i,j)} represents the distance between populations \emph{i} and \emph{j}, \emph{m} and \emph{n} are the number of sequences in populations \emph{i} and \emph{j}, respectively, and \emph{dist(H_{ki},H_{lj})} is the distance between the \emph{k-th} sequence found in population \emph{i} and the \emph{l-th} sequence found in population \emph{j}. | ^ checkRd: (-1) pop.dist.Rd:41: Lost braces; missing escapes or markup? 41 | where \emph{dist(i,j)} represents the distance between populations \emph{i} and \emph{j}, \emph{m} and \emph{n} are the number of sequences in populations \emph{i} and \emph{j}, respectively, and \emph{dist(H_{ki},H_{lj})} is the distance between the \emph{k-th} sequence found in population \emph{i} and the \emph{l-th} sequence found in population \emph{j}. | ^ Flavors: r-devel-linux-x86_64-debian-clang, r-devel-linux-x86_64-debian-gcc, r-devel-linux-x86_64-fedora-clang, r-devel-linux-x86_64-fedora-gcc, r-devel-windows-x86_64, r-patched-linux-x86_64, r-release-linux-x86_64, r-release-macos-arm64, r-release-macos-x86_64, r-release-windows-x86_64

Version: 4.1.0
Check: Rd cross-references
Result: NOTE Found the following Rd file(s) with Rd \link{} targets missing package anchors: mutation.network.Rd: plot.network Please provide package anchors for all Rd \link{} targets not in the package itself and the base packages. Flavors: r-devel-linux-x86_64-debian-clang, r-devel-linux-x86_64-debian-gcc, r-devel-windows-x86_64