Last updated on 2025-06-14 08:49:45 CEST.
Flavor | Version | Tinstall | Tcheck | Ttotal | Status | Flags |
---|---|---|---|---|---|---|
r-devel-linux-x86_64-debian-clang | 3.1.0 | 197.46 | 64.93 | 262.39 | OK | |
r-devel-linux-x86_64-debian-gcc | 3.1.0 | 139.87 | 49.00 | 188.87 | OK | |
r-devel-linux-x86_64-fedora-clang | 3.1.0 | 462.21 | OK | |||
r-devel-linux-x86_64-fedora-gcc | 3.1.0 | 470.30 | OK | |||
r-devel-windows-x86_64 | 3.1.0 | 221.00 | 122.00 | 343.00 | OK | |
r-patched-linux-x86_64 | 3.1.0 | 190.87 | 61.87 | 252.74 | OK | |
r-release-linux-x86_64 | 3.1.0 | 191.72 | 62.74 | 254.46 | OK | |
r-release-macos-arm64 | 3.1.0 | 118.00 | OK | |||
r-release-macos-x86_64 | 3.1.0 | 172.00 | OK | |||
r-release-windows-x86_64 | 3.1.0 | 220.00 | 128.00 | 348.00 | OK | |
r-oldrel-macos-arm64 | 3.1.0 | 117.00 | NOTE | |||
r-oldrel-macos-x86_64 | 3.1.0 | 193.00 | NOTE | |||
r-oldrel-windows-x86_64 | 3.1.0 | 265.00 | 145.00 | 410.00 | OK |
Version: 3.1.0
Check: installed package size
Result: NOTE
installed size is 13.3Mb
sub-directories of 1Mb or more:
libs 12.3Mb
Flavors: r-oldrel-macos-arm64, r-oldrel-macos-x86_64