Last updated on 2025-02-19 07:53:59 CET.
Flavor | Version | Tinstall | Tcheck | Ttotal | Status | Flags |
---|---|---|---|---|---|---|
r-devel-linux-x86_64-debian-clang | 1.0.0 | 3.15 | 31.63 | 34.78 | OK | |
r-devel-linux-x86_64-debian-gcc | 1.0.0 | 2.66 | 25.21 | 27.87 | OK | |
r-devel-linux-x86_64-fedora-clang | 1.0.0 | 56.73 | OK | |||
r-devel-linux-x86_64-fedora-gcc | 1.0.0 | 52.64 | OK | |||
r-devel-macos-arm64 | 1.0.0 | 22.00 | OK | |||
r-devel-macos-x86_64 | 1.0.0 | 35.00 | OK | |||
r-devel-windows-x86_64 | 1.0.0 | 7.00 | 58.00 | 65.00 | OK | |
r-patched-linux-x86_64 | 1.0.0 | 3.32 | 30.54 | 33.86 | NOTE | |
r-release-linux-x86_64 | 1.0.0 | 3.58 | 30.25 | 33.83 | NOTE | |
r-release-macos-arm64 | 1.0.0 | 20.00 | NOTE | |||
r-release-macos-x86_64 | 1.0.0 | 30.00 | NOTE | |||
r-release-windows-x86_64 | 1.0.0 | 5.00 | 53.00 | 58.00 | NOTE | |
r-oldrel-macos-arm64 | 1.0.0 | 20.00 | NOTE | |||
r-oldrel-macos-x86_64 | 1.0.0 | 31.00 | NOTE | |||
r-oldrel-windows-x86_64 | 1.0.0 | 6.00 | 84.00 | 90.00 | NOTE |
Version: 1.0.0
Check: LazyData
Result: NOTE
'LazyData' is specified without a 'data' directory
Flavors: r-patched-linux-x86_64, r-release-linux-x86_64, r-release-macos-arm64, r-release-macos-x86_64, r-release-windows-x86_64, r-oldrel-macos-arm64, r-oldrel-macos-x86_64, r-oldrel-windows-x86_64