Last updated on 2025-02-19 07:53:59 CET.
Flavor | Version | Tinstall | Tcheck | Ttotal | Status | Flags |
---|---|---|---|---|---|---|
r-devel-linux-x86_64-debian-clang | 0.2.0 | 3.73 | 28.23 | 31.96 | OK | |
r-devel-linux-x86_64-debian-gcc | 0.2.0 | 2.79 | 21.57 | 24.36 | OK | |
r-devel-linux-x86_64-fedora-clang | 0.2.0 | 54.74 | OK | |||
r-devel-linux-x86_64-fedora-gcc | 0.2.0 | 49.45 | OK | |||
r-devel-macos-arm64 | 0.2.0 | 22.00 | OK | |||
r-devel-macos-x86_64 | 0.2.0 | 39.00 | OK | |||
r-devel-windows-x86_64 | 0.2.0 | 9.00 | 49.00 | 58.00 | OK | |
r-patched-linux-x86_64 | 0.2.0 | 3.39 | 26.53 | 29.92 | NOTE | |
r-release-linux-x86_64 | 0.2.0 | 2.99 | 26.66 | 29.65 | NOTE | |
r-release-macos-arm64 | 0.2.0 | 21.00 | NOTE | |||
r-release-macos-x86_64 | 0.2.0 | 32.00 | NOTE | |||
r-release-windows-x86_64 | 0.2.0 | 8.00 | 52.00 | 60.00 | OK | |
r-oldrel-macos-arm64 | 0.2.0 | 23.00 | OK | |||
r-oldrel-macos-x86_64 | 0.2.0 | 32.00 | OK | |||
r-oldrel-windows-x86_64 | 0.2.0 | 10.00 | 55.00 | 65.00 | OK |
Version: 0.2.0
Check: package dependencies
Result: NOTE
Package suggested but not available for checking: ‘uchardet’
Flavors: r-patched-linux-x86_64, r-release-linux-x86_64, r-release-macos-arm64, r-release-macos-x86_64