Last updated on 2024-05-09 07:56:59 CEST.
Flavor | Version | Tinstall | Tcheck | Ttotal | Status | Flags |
---|---|---|---|---|---|---|
r-devel-linux-x86_64-debian-clang | 0.2.0 | 5.55 | 36.07 | 41.62 | NOTE | |
r-devel-linux-x86_64-debian-gcc | 0.2.0 | 3.33 | 27.17 | 30.50 | NOTE | |
r-devel-linux-x86_64-fedora-clang | 0.2.0 | 55.40 | NOTE | |||
r-devel-linux-x86_64-fedora-gcc | 0.2.0 | 102.07 | NOTE | |||
r-devel-windows-x86_64 | 0.2.0 | 8.00 | 47.00 | 55.00 | OK | |
r-patched-linux-x86_64 | 0.2.0 | 4.23 | 33.24 | 37.47 | NOTE | |
r-release-linux-x86_64 | 0.2.0 | 5.32 | 34.38 | 39.70 | NOTE | |
r-release-macos-arm64 | 0.2.0 | 21.00 | NOTE | |||
r-release-windows-x86_64 | 0.2.0 | 9.00 | 47.00 | 56.00 | OK | |
r-oldrel-macos-arm64 | 0.2.0 | 23.00 | OK | |||
r-oldrel-macos-x86_64 | 0.2.0 | 32.00 | OK | |||
r-oldrel-windows-x86_64 | 0.2.0 | 9.00 | 50.00 | 59.00 | OK |
Version: 0.2.0
Check: package dependencies
Result: NOTE
Package suggested but not available for checking: ‘uchardet’
Flavors: r-devel-linux-x86_64-debian-clang, r-devel-linux-x86_64-debian-gcc, r-devel-linux-x86_64-fedora-clang, r-devel-linux-x86_64-fedora-gcc, r-patched-linux-x86_64, r-release-linux-x86_64, r-release-macos-arm64