CRAN Package Check Results for Package shinyKnobs

Last updated on 2025-02-19 07:53:59 CET.

Flavor Version Tinstall Tcheck Ttotal Status Flags
r-devel-linux-x86_64-debian-clang 0.1.3 3.15 29.20 32.35 OK
r-devel-linux-x86_64-debian-gcc 0.1.3 2.41 23.85 26.26 OK
r-devel-linux-x86_64-fedora-clang 0.1.3 52.52 OK
r-devel-linux-x86_64-fedora-gcc 0.1.3 48.63 OK
r-devel-macos-arm64 0.1.3 21.00 OK
r-devel-macos-x86_64 0.1.3 40.00 OK
r-devel-windows-x86_64 0.1.3 7.00 67.00 74.00 OK
r-patched-linux-x86_64 0.1.3 3.34 27.69 31.03 NOTE
r-release-linux-x86_64 0.1.3 3.28 28.20 31.48 NOTE
r-release-macos-arm64 0.1.3 19.00 NOTE
r-release-macos-x86_64 0.1.3 29.00 NOTE
r-release-windows-x86_64 0.1.3 5.00 54.00 59.00 NOTE
r-oldrel-macos-arm64 0.1.3 21.00 NOTE
r-oldrel-macos-x86_64 0.1.3 28.00 NOTE
r-oldrel-windows-x86_64 0.1.3 6.00 55.00 61.00 NOTE

Check Details

Version: 0.1.3
Check: LazyData
Result: NOTE 'LazyData' is specified without a 'data' directory Flavors: r-patched-linux-x86_64, r-release-linux-x86_64, r-release-macos-arm64, r-release-macos-x86_64, r-release-windows-x86_64, r-oldrel-macos-arm64, r-oldrel-macos-x86_64, r-oldrel-windows-x86_64