CRAN Package Check Results for Package sfheaders

Last updated on 2025-01-22 07:50:38 CET.

Flavor Version Tinstall Tcheck Ttotal Status Flags
r-devel-linux-x86_64-debian-clang 0.4.4 87.69 39.07 126.76 NOTE
r-devel-linux-x86_64-debian-gcc 0.4.4 70.89 29.41 100.30 NOTE
r-devel-linux-x86_64-fedora-clang 0.4.4 218.55 NOTE
r-devel-linux-x86_64-fedora-gcc 0.4.4 273.72 NOTE
r-devel-windows-x86_64 0.4.4 89.00 87.00 176.00 NOTE
r-patched-linux-x86_64 0.4.4 101.14 37.63 138.77 OK
r-release-linux-x86_64 0.4.4 96.48 37.29 133.77 OK
r-release-macos-arm64 0.4.4 57.00 NOTE
r-release-macos-x86_64 0.4.4 69.00 NOTE
r-release-windows-x86_64 0.4.4 92.00 84.00 176.00 OK
r-oldrel-macos-arm64 0.4.4 66.00 NOTE
r-oldrel-macos-x86_64 0.4.4 100.00 NOTE
r-oldrel-windows-x86_64 0.4.4 102.00 107.00 209.00 OK

Check Details

Version: 0.4.4
Check: compiled code
Result: NOTE File ‘sfheaders/libs/sfheaders.so’: Found non-API call to R: ‘STRING_PTR’ Compiled code should not call non-API entry points in R. See ‘Writing portable packages’ in the ‘Writing R Extensions’ manual, and section ‘Moving into C API compliance’ for issues with the use of non-API entry points. Flavors: r-devel-linux-x86_64-debian-clang, r-devel-linux-x86_64-debian-gcc, r-devel-linux-x86_64-fedora-clang, r-devel-linux-x86_64-fedora-gcc

Version: 0.4.4
Check: compiled code
Result: NOTE File 'sfheaders/libs/x64/sfheaders.dll': Found non-API call to R: 'STRING_PTR' Compiled code should not call non-API entry points in R. See 'Writing portable packages' in the 'Writing R Extensions' manual, and section 'Moving into C API compliance' for issues with the use of non-API entry points. Flavor: r-devel-windows-x86_64

Version: 0.4.4
Check: installed package size
Result: NOTE installed size is 8.0Mb sub-directories of 1Mb or more: libs 7.4Mb Flavors: r-release-macos-arm64, r-release-macos-x86_64, r-oldrel-macos-arm64, r-oldrel-macos-x86_64