Last updated on 2025-11-03 07:48:52 CET.
| Flavor | Version | Tinstall | Tcheck | Ttotal | Status | Flags |
|---|---|---|---|---|---|---|
| r-devel-linux-x86_64-debian-clang | 0.2.5 | 1.66 | 25.28 | 26.94 | NOTE | |
| r-devel-linux-x86_64-debian-gcc | 0.2.5 | 1.63 | 20.26 | 21.89 | NOTE | |
| r-devel-linux-x86_64-fedora-clang | 0.2.5 | 40.03 | NOTE | |||
| r-devel-linux-x86_64-fedora-gcc | 0.2.5 | 38.99 | NOTE | |||
| r-devel-windows-x86_64 | 0.2.5 | 4.00 | 42.00 | 46.00 | NOTE | |
| r-patched-linux-x86_64 | 0.2.5 | 2.41 | 23.03 | 25.44 | NOTE | |
| r-release-linux-x86_64 | 0.2.5 | 1.90 | 22.91 | 24.81 | NOTE | |
| r-release-macos-arm64 | 0.2.5 | 1.00 | 21.00 | 22.00 | NOTE | |
| r-release-macos-x86_64 | 0.2.5 | 2.00 | 28.00 | 30.00 | OK | |
| r-release-windows-x86_64 | 0.2.5 | 4.00 | 42.00 | 46.00 | NOTE | |
| r-oldrel-macos-arm64 | 0.2.5 | 1.00 | 17.00 | 18.00 | OK | |
| r-oldrel-macos-x86_64 | 0.2.5 | 2.00 | 22.00 | 24.00 | OK | |
| r-oldrel-windows-x86_64 | 0.2.5 | 5.00 | 51.00 | 56.00 | OK |
Version: 0.2.5
Check: DESCRIPTION meta-information
Result: NOTE
Missing dependency on R >= 4.1.0 because package code uses the pipe
|> or function shorthand \(...) syntax added in R 4.1.0.
File(s) using such syntax:
‘Joiner.Rd’ ‘Splitter.Rd’ ‘add_node.Rd’ ‘print.sewage_pipeline.Rd’
‘pull_output.Rd’ ‘run.Rd’
Flavors: r-devel-linux-x86_64-debian-clang, r-devel-linux-x86_64-debian-gcc, r-devel-linux-x86_64-fedora-clang, r-devel-linux-x86_64-fedora-gcc, r-devel-windows-x86_64, r-patched-linux-x86_64, r-release-linux-x86_64, r-release-macos-arm64, r-release-windows-x86_64