Last updated on 2025-02-11 07:48:35 CET.
Flavor | Version | Tinstall | Tcheck | Ttotal | Status | Flags |
---|---|---|---|---|---|---|
r-devel-linux-x86_64-debian-clang | 0.1-0 | 5.59 | 30.94 | 36.53 | OK | |
r-devel-linux-x86_64-debian-gcc | 0.1-0 | 3.99 | 22.30 | 26.29 | OK | |
r-devel-linux-x86_64-fedora-clang | 0.1-0 | 59.29 | OK | |||
r-devel-linux-x86_64-fedora-gcc | 0.1-0 | 54.99 | OK | |||
r-devel-windows-x86_64 | 0.1-0 | 5.00 | 48.00 | 53.00 | OK | |
r-patched-linux-x86_64 | 0.1-0 | 5.48 | 29.95 | 35.43 | NOTE | |
r-release-linux-x86_64 | 0.1-0 | 5.02 | 29.55 | 34.57 | NOTE | |
r-release-macos-arm64 | 0.1-0 | 20.00 | NOTE | |||
r-release-macos-x86_64 | 0.1-0 | 33.00 | NOTE | |||
r-release-windows-x86_64 | 0.1-0 | 6.00 | 46.00 | 52.00 | NOTE | |
r-oldrel-macos-arm64 | 0.1-0 | 19.00 | NOTE | |||
r-oldrel-macos-x86_64 | 0.1-0 | 29.00 | NOTE | |||
r-oldrel-windows-x86_64 | 0.1-0 | 5.00 | 50.00 | 55.00 | NOTE |
Version: 0.1-0
Check: LazyData
Result: NOTE
'LazyData' is specified without a 'data' directory
Flavors: r-patched-linux-x86_64, r-release-linux-x86_64, r-release-macos-arm64, r-release-macos-x86_64, r-release-windows-x86_64, r-oldrel-macos-arm64, r-oldrel-macos-x86_64, r-oldrel-windows-x86_64