Last updated on 2024-07-26 07:52:02 CEST.
Flavor | Version | Tinstall | Tcheck | Ttotal | Status | Flags |
---|---|---|---|---|---|---|
r-devel-linux-x86_64-debian-clang | 0.1.1 | 8.15 | 95.93 | 104.08 | OK | |
r-devel-linux-x86_64-debian-gcc | 0.1.1 | 7.71 | 70.93 | 78.64 | OK | |
r-devel-linux-x86_64-fedora-clang | 0.1.1 | 134.09 | NOTE | |||
r-devel-linux-x86_64-fedora-gcc | 0.1.1 | 135.77 | NOTE | |||
r-devel-windows-x86_64 | 0.1.1 | 11.00 | 89.00 | 100.00 | OK | |
r-patched-linux-x86_64 | 0.1.1 | OK | ||||
r-release-linux-x86_64 | 0.1.1 | 10.35 | 90.14 | 100.49 | OK | |
r-release-macos-arm64 | 0.1.1 | 43.00 | OK | |||
r-release-macos-x86_64 | 0.1.1 | 73.00 | OK | |||
r-release-windows-x86_64 | 0.1.1 | 10.00 | 89.00 | 99.00 | OK | |
r-oldrel-macos-arm64 | 0.1.1 | 47.00 | OK | |||
r-oldrel-macos-x86_64 | 0.1.1 | 79.00 | OK | |||
r-oldrel-windows-x86_64 | 0.1.1 | 13.00 | 106.00 | 119.00 | OK |
Version: 0.1.1
Check: data for non-ASCII characters
Result: NOTE
Note: found 836 marked UTF-8 strings
Flavors: r-devel-linux-x86_64-fedora-clang, r-devel-linux-x86_64-fedora-gcc