Last updated on 2024-05-11 07:51:43 CEST.
Flavor | Version | Tinstall | Tcheck | Ttotal | Status | Flags |
---|---|---|---|---|---|---|
r-devel-linux-x86_64-debian-clang | 0.5-6 | 38.27 | 356.09 | 394.36 | NOTE | |
r-devel-linux-x86_64-debian-gcc | 0.5-6 | 28.79 | 244.86 | 273.65 | NOTE | |
r-devel-linux-x86_64-fedora-clang | 0.5-6 | 495.14 | NOTE | |||
r-devel-linux-x86_64-fedora-gcc | 0.5-6 | 515.42 | NOTE | |||
r-devel-windows-x86_64 | 0.5-6 | 30.00 | 263.00 | 293.00 | NOTE | |
r-patched-linux-x86_64 | 0.5-6 | 45.12 | 334.22 | 379.34 | NOTE | |
r-release-linux-x86_64 | 0.5-6 | 37.51 | 333.74 | 371.25 | NOTE | |
r-release-macos-arm64 | 0.5-6 | 113.00 | NOTE | |||
r-release-windows-x86_64 | 0.5-6 | 31.00 | 260.00 | 291.00 | NOTE | |
r-oldrel-macos-arm64 | 0.5-6 | 122.00 | OK | |||
r-oldrel-macos-x86_64 | 0.5-6 | 188.00 | NOTE | |||
r-oldrel-windows-x86_64 | 0.5-6 | 43.00 | 346.00 | 389.00 | OK |
Version: 0.5-6
Check: Rd files
Result: NOTE
checkRd: (-1) PAVranking.Rd:77-79: Lost braces in \itemize; \value handles \item{}{} directly
checkRd: (-1) PAVranking.Rd:80-82: Lost braces in \itemize; \value handles \item{}{} directly
checkRd: (-1) PAVranking.Rd:83-85: Lost braces in \itemize; \value handles \item{}{} directly
checkRd: (-1) PAVranking.Rd:86-87: Lost braces in \itemize; \value handles \item{}{} directly
Flavors: r-devel-linux-x86_64-debian-clang, r-devel-linux-x86_64-debian-gcc, r-devel-linux-x86_64-fedora-clang, r-devel-linux-x86_64-fedora-gcc, r-devel-windows-x86_64, r-patched-linux-x86_64, r-release-linux-x86_64, r-release-macos-arm64, r-release-windows-x86_64
Version: 0.5-6
Check: package dependencies
Result: NOTE
Package suggested but not available for checking: ‘blavaan’
Flavors: r-patched-linux-x86_64, r-release-linux-x86_64
Version: 0.5-6
Check: package dependencies
Result: NOTE
Packages suggested but not available for checking: 'blavaan', 'emmeans'
Flavor: r-oldrel-macos-x86_64
Version: 0.5-6
Check: Rd cross-references
Result: NOTE
Package unavailable to check Rd xrefs: ‘blavaan’
Flavor: r-oldrel-macos-x86_64