Last updated on 2025-11-02 07:50:20 CET.
| Flavor | Version | Tinstall | Tcheck | Ttotal | Status | Flags |
|---|---|---|---|---|---|---|
| r-devel-linux-x86_64-debian-clang | 0.3.0 | 5.62 | 60.32 | 65.94 | NOTE | |
| r-devel-linux-x86_64-debian-gcc | 0.3.0 | 3.66 | 45.40 | 49.06 | NOTE | |
| r-devel-linux-x86_64-fedora-clang | 0.3.0 | 13.00 | 84.57 | 97.57 | OK | |
| r-devel-linux-x86_64-fedora-gcc | 0.3.0 | 14.00 | 85.76 | 99.76 | OK | |
| r-devel-windows-x86_64 | 0.3.0 | 7.00 | 67.00 | 74.00 | OK | |
| r-patched-linux-x86_64 | 0.3.0 | 5.00 | 56.93 | 61.93 | OK | |
| r-release-linux-x86_64 | 0.3.0 | 5.13 | 55.95 | 61.08 | OK | |
| r-release-macos-arm64 | 0.3.0 | 3.00 | 38.00 | 41.00 | OK | |
| r-release-macos-x86_64 | 0.3.0 | 5.00 | 52.00 | 57.00 | OK | |
| r-release-windows-x86_64 | 0.3.0 | 7.00 | 69.00 | 76.00 | OK | |
| r-oldrel-macos-arm64 | 0.3.0 | 3.00 | 29.00 | 32.00 | OK | |
| r-oldrel-macos-x86_64 | 0.3.0 | 4.00 | 40.00 | 44.00 | OK | |
| r-oldrel-windows-x86_64 | 0.3.0 | 10.00 | 87.00 | 97.00 | OK |
Version: 0.3.0
Check: CRAN incoming feasibility
Result: NOTE
Maintainer: ‘Michelle Picoli <mipicoli@gmail.com>’
Package CITATION file contains call(s) to old-style citEntry(). Please
use bibentry() instead.
Flavors: r-devel-linux-x86_64-debian-clang, r-devel-linux-x86_64-debian-gcc