Last updated on 2025-10-21 07:49:50 CEST.
Flavor | Version | Tinstall | Tcheck | Ttotal | Status | Flags |
---|---|---|---|---|---|---|
r-devel-linux-x86_64-debian-clang | 0.3.3 | 39.92 | 139.33 | 179.25 | OK | |
r-devel-linux-x86_64-debian-gcc | 0.3.3 | 26.72 | 95.76 | 122.48 | NOTE | |
r-devel-linux-x86_64-fedora-clang | 0.3.3 | 298.20 | OK | |||
r-devel-linux-x86_64-fedora-gcc | 0.3.3 | 297.51 | OK | |||
r-devel-windows-x86_64 | 0.3.3 | 54.00 | 175.00 | 229.00 | OK | |
r-patched-linux-x86_64 | 0.3.3 | 42.31 | 130.30 | 172.61 | OK | |
r-release-linux-x86_64 | 0.3.3 | 40.92 | 132.07 | 172.99 | OK | |
r-release-macos-arm64 | 0.3.3 | 84.00 | OK | |||
r-release-macos-x86_64 | 0.3.3 | 142.00 | OK | |||
r-release-windows-x86_64 | 0.3.3 | 53.00 | 173.00 | 226.00 | OK | |
r-oldrel-macos-arm64 | 0.3.3 | 100.00 | OK | |||
r-oldrel-macos-x86_64 | 0.3.3 | 109.00 | OK | |||
r-oldrel-windows-x86_64 | 0.3.3 | 62.00 | 231.00 | 293.00 | OK |
Version: 0.3.3
Check: HTML version of manual
Result: NOTE
Found the following HTML validation problems:
DynProg_algo_cpp.html:51:1 (DynProg_algo_cpp.Rd:12): Warning: missing </ul> before </div>
Gmixt_algo_cpp.html:70:1 (Gmixt_algo_cpp.Rd:22): Warning: missing </ul> before </div>
Gmixt_simultanee_fullcpp.html:62:1 (Gmixt_simultanee_fullcpp.Rd:18): Warning: missing </ul> before </div>
apply_rowSums.html:50:1 (apply_rowSums.Rd:12): Warning: missing </ul> before </div>
arma_repmat.html:54:1 (arma_repmat.Rd:14): Warning: missing </ul> before </div>
augment.html:50:1 (augment.Rd:12): Warning: missing </ul> before </div>
colsums_sapply.html:62:1 (colsums_sapply.Rd:18): Warning: missing </ul> before </div>
cumsum_cpp.html:46:1 (cumsum_cpp.Rd:10): Warning: missing </ul> before </div>
likelihood.html:50:1 (likelihood.Rd:12): Warning: missing </ul> before </div>
prep_segm_HMM.html:50:1 (prep_segm_HMM.Rd:12): Warning: missing </ul> before </div>
prep_segm_shiftfit.html:50:1 (prep_segm_shiftfit.Rd:12): Warning: missing </ul> before </div>
segclust_internal.html:97:1 (segclust_internal.Rd:43): Warning: missing </ul> before </div>
stat_segm_HMM.html:58:1 (stat_segm_HMM.Rd:16): Warning: missing </ul> before </div>
stat_segm_shiftfit.html:58:1 (stat_segm_shiftfit.Rd:16): Warning: missing </ul> before </div>
subsample_rename.html:55:1 (subsample_rename.Rd:14): Warning: missing </ul> before </div>
Flavor: r-devel-linux-x86_64-debian-gcc