Last updated on 2025-02-17 07:50:46 CET.
Flavor | Version | Tinstall | Tcheck | Ttotal | Status | Flags |
---|---|---|---|---|---|---|
r-devel-linux-x86_64-debian-clang | 0.7.0 | 80.70 | 38.30 | 119.00 | OK | |
r-devel-linux-x86_64-debian-gcc | 0.7.0 | 57.84 | 29.13 | 86.97 | OK | |
r-devel-linux-x86_64-fedora-clang | 0.7.0 | 241.17 | OK | |||
r-devel-linux-x86_64-fedora-gcc | 0.7.0 | 225.41 | OK | |||
r-devel-macos-arm64 | 0.7.0 | 50.00 | OK | |||
r-devel-macos-x86_64 | 0.7.0 | 68.00 | OK | |||
r-devel-windows-x86_64 | 0.7.0 | 90.00 | 85.00 | 175.00 | OK | |
r-patched-linux-x86_64 | 0.7.0 | 76.84 | 36.32 | 113.16 | OK | |
r-release-linux-x86_64 | 0.7.0 | 82.75 | 36.21 | 118.96 | OK | |
r-release-macos-arm64 | 0.7.0 | 55.00 | NOTE | |||
r-release-macos-x86_64 | 0.7.0 | 71.00 | NOTE | |||
r-release-windows-x86_64 | 0.7.0 | 90.00 | 85.00 | 175.00 | OK | |
r-oldrel-macos-arm64 | 0.7.0 | 54.00 | NOTE | |||
r-oldrel-macos-x86_64 | 0.7.0 | 70.00 | NOTE | |||
r-oldrel-windows-x86_64 | 0.7.0 | 111.00 | 106.00 | 217.00 | OK |
Version: 0.7.0
Check: installed package size
Result: NOTE
installed size is 5.1Mb
sub-directories of 1Mb or more:
libs 4.6Mb
Flavors: r-release-macos-arm64, r-release-macos-x86_64, r-oldrel-macos-arm64, r-oldrel-macos-x86_64